{"id":1931,"date":"2019-02-04T10:29:38","date_gmt":"2019-02-04T12:29:38","guid":{"rendered":"http:\/\/www.abennacional.org.br\/validacao\/?page_id=1931"},"modified":"2019-02-04T10:29:38","modified_gmt":"2019-02-04T12:29:38","slug":"fentas","status":"publish","type":"page","link":"https:\/\/www.abennacional.org.br\/site\/fentas\/","title":{"rendered":"FENTAS"},"content":{"rendered":"\n<p>O F\u00f3rum das Entidades Nacionais dos Trabalhadores da \u00c1rea de Sa\u00fade<em>\u00a0\u201c\u00e9  um f\u00f3rum nacional, permanente, de representa\u00e7\u00e3o ampla dos trabalhadores  em suas diversas formas de organiza\u00e7\u00e3o, composto por entidades que  representam todos os aspectos que comp\u00f5em o processo de trabalho, seja  na forma\u00e7\u00e3o, regulamenta\u00e7\u00e3o e nas rela\u00e7\u00f5es de trabalho, por meio de  associa\u00e7\u00f5es nacionais de categoria, confedera\u00e7\u00f5es nacionais de  trabalhadores, conselhos federais de fiscaliza\u00e7\u00e3o do exerc\u00edcio  profissional, e federa\u00e7\u00f5es nacionais de categoria. \u00c9 um f\u00f3rum de  articula\u00e7\u00e3o e delibera\u00e7\u00e3o pol\u00edtica, com o objetivo de subsidiar e  assegurar a representatividade e posi\u00e7\u00e3o do f\u00f3rum em defesa dos  princ\u00edpios e diretrizes do Sistema \u00danico de Sa\u00fade, e de instrumentalizar  a discuss\u00e3o e pactua\u00e7\u00e3o democr\u00e1tica do F\u00f3rum no Conselho Nacional de  Sa\u00fade e nos demais espa\u00e7os de articula\u00e7\u00e3o, debate e delibera\u00e7\u00e3o\u201d.\u00a0(Carta de Princ\u00edpios, 2001, reformulada em 2015).<\/em><\/p>\n\n\n\n<p><br><br><strong>Representa\u00e7\u00e3o da ABEn: <\/strong><br>Titular: Francisca Valda Silva <br>Suplente &#8211; Zulmira Barroso Costa <br>Suplente &#8211; Suderlan Sabino Leandro<em><br><\/em><\/p>\n","protected":false},"excerpt":{"rendered":"<p>O F\u00f3rum das Entidades Nacionais dos Trabalhadores da \u00c1rea de Sa\u00fade\u00a0\u201c\u00e9 um f\u00f3rum nacional, permanente, de representa\u00e7\u00e3o ampla dos trabalhadores em suas diversas formas de organiza\u00e7\u00e3o, composto por entidades que representam todos os aspectos que comp\u00f5em o processo de trabalho, seja na forma\u00e7\u00e3o, regulamenta\u00e7\u00e3o e nas rela\u00e7\u00f5es de trabalho, por meio de associa\u00e7\u00f5es nacionais de [&hellip;]<\/p>\n","protected":false},"author":1,"featured_media":0,"parent":0,"menu_order":0,"comment_status":"closed","ping_status":"closed","template":"","meta":{"spay_email":""},"yoast_head":"<!-- This site is optimized with the Yoast SEO plugin v18.3 - https:\/\/yoast.com\/wordpress\/plugins\/seo\/ -->\n<title>FENTAS - ABEn Nacional<\/title>\n<meta name=\"robots\" content=\"index, follow, max-snippet:-1, max-image-preview:large, max-video-preview:-1\" \/>\n<link rel=\"canonical\" href=\"https:\/\/www.abennacional.org.br\/site\/fentas\/\" \/>\n<meta property=\"og:locale\" content=\"pt_BR\" \/>\n<meta property=\"og:type\" content=\"article\" \/>\n<meta property=\"og:title\" content=\"FENTAS - ABEn Nacional\" \/>\n<meta property=\"og:description\" content=\"O F\u00f3rum das Entidades Nacionais dos Trabalhadores da \u00c1rea de Sa\u00fade\u00a0\u201c\u00e9 um f\u00f3rum nacional, permanente, de representa\u00e7\u00e3o ampla dos trabalhadores em suas diversas formas de organiza\u00e7\u00e3o, composto por entidades que representam todos os aspectos que comp\u00f5em o processo de trabalho, seja na forma\u00e7\u00e3o, regulamenta\u00e7\u00e3o e nas rela\u00e7\u00f5es de trabalho, por meio de associa\u00e7\u00f5es nacionais de [&hellip;]\" \/>\n<meta property=\"og:url\" content=\"https:\/\/www.abennacional.org.br\/site\/fentas\/\" \/>\n<meta property=\"og:site_name\" content=\"ABEn Nacional\" \/>\n<meta property=\"article:publisher\" content=\"https:\/\/www.facebook.com\/ABEn-Nacional-202551919840028\/\" \/>\n<meta name=\"twitter:card\" content=\"summary_large_image\" \/>\n<meta name=\"twitter:label1\" content=\"Est. tempo de leitura\" \/>\n\t<meta name=\"twitter:data1\" content=\"1 minuto\" \/>\n<script type=\"application\/ld+json\" class=\"yoast-schema-graph\">{\"@context\":\"https:\/\/schema.org\",\"@graph\":[{\"@type\":\"Organization\",\"@id\":\"https:\/\/www.abennacional.org.br\/site\/#organization\",\"name\":\"ABEn Nacional\",\"url\":\"https:\/\/www.abennacional.org.br\/site\/\",\"sameAs\":[\"https:\/\/www.facebook.com\/ABEn-Nacional-202551919840028\/\",\"https:\/\/br.linkedin.com\/in\/aben-nacional-42385511b\",\"https:\/\/www.youtube.com\/watch?v=m8cvAUgypCI\"],\"logo\":{\"@type\":\"ImageObject\",\"@id\":\"https:\/\/www.abennacional.org.br\/site\/#logo\",\"inLanguage\":\"pt-BR\",\"url\":\"https:\/\/www.abennacional.org.br\/site\/wp-content\/uploads\/2018\/12\/logoaben_grande-2.png\",\"contentUrl\":\"https:\/\/www.abennacional.org.br\/site\/wp-content\/uploads\/2018\/12\/logoaben_grande-2.png\",\"width\":410,\"height\":139,\"caption\":\"ABEn Nacional\"},\"image\":{\"@id\":\"https:\/\/www.abennacional.org.br\/site\/#logo\"}},{\"@type\":\"WebSite\",\"@id\":\"https:\/\/www.abennacional.org.br\/site\/#website\",\"url\":\"https:\/\/www.abennacional.org.br\/site\/\",\"name\":\"ABEn Nacional\",\"description\":\"Associa\u00e7\u00e3o Brasileira de Enfermagem\",\"publisher\":{\"@id\":\"https:\/\/www.abennacional.org.br\/site\/#organization\"},\"potentialAction\":[{\"@type\":\"SearchAction\",\"target\":{\"@type\":\"EntryPoint\",\"urlTemplate\":\"https:\/\/www.abennacional.org.br\/site\/?s={search_term_string}\"},\"query-input\":\"required name=search_term_string\"}],\"inLanguage\":\"pt-BR\"},{\"@type\":\"WebPage\",\"@id\":\"https:\/\/www.abennacional.org.br\/site\/fentas\/#webpage\",\"url\":\"https:\/\/www.abennacional.org.br\/site\/fentas\/\",\"name\":\"FENTAS - ABEn Nacional\",\"isPartOf\":{\"@id\":\"https:\/\/www.abennacional.org.br\/site\/#website\"},\"datePublished\":\"2019-02-04T12:29:38+00:00\",\"dateModified\":\"2019-02-04T12:29:38+00:00\",\"breadcrumb\":{\"@id\":\"https:\/\/www.abennacional.org.br\/site\/fentas\/#breadcrumb\"},\"inLanguage\":\"pt-BR\",\"potentialAction\":[{\"@type\":\"ReadAction\",\"target\":[\"https:\/\/www.abennacional.org.br\/site\/fentas\/\"]}]},{\"@type\":\"BreadcrumbList\",\"@id\":\"https:\/\/www.abennacional.org.br\/site\/fentas\/#breadcrumb\",\"itemListElement\":[{\"@type\":\"ListItem\",\"position\":1,\"name\":\"In\u00edcio\",\"item\":\"https:\/\/www.abennacional.org.br\/site\/\"},{\"@type\":\"ListItem\",\"position\":2,\"name\":\"FENTAS\"}]}]}<\/script>\n<!-- \/ Yoast SEO plugin. -->","yoast_head_json":{"title":"FENTAS - ABEn Nacional","robots":{"index":"index","follow":"follow","max-snippet":"max-snippet:-1","max-image-preview":"max-image-preview:large","max-video-preview":"max-video-preview:-1"},"canonical":"https:\/\/www.abennacional.org.br\/site\/fentas\/","og_locale":"pt_BR","og_type":"article","og_title":"FENTAS - ABEn Nacional","og_description":"O F\u00f3rum das Entidades Nacionais dos Trabalhadores da \u00c1rea de Sa\u00fade\u00a0\u201c\u00e9 um f\u00f3rum nacional, permanente, de representa\u00e7\u00e3o ampla dos trabalhadores em suas diversas formas de organiza\u00e7\u00e3o, composto por entidades que representam todos os aspectos que comp\u00f5em o processo de trabalho, seja na forma\u00e7\u00e3o, regulamenta\u00e7\u00e3o e nas rela\u00e7\u00f5es de trabalho, por meio de associa\u00e7\u00f5es nacionais de [&hellip;]","og_url":"https:\/\/www.abennacional.org.br\/site\/fentas\/","og_site_name":"ABEn Nacional","article_publisher":"https:\/\/www.facebook.com\/ABEn-Nacional-202551919840028\/","twitter_card":"summary_large_image","twitter_misc":{"Est. tempo de leitura":"1 minuto"},"schema":{"@context":"https:\/\/schema.org","@graph":[{"@type":"Organization","@id":"https:\/\/www.abennacional.org.br\/site\/#organization","name":"ABEn Nacional","url":"https:\/\/www.abennacional.org.br\/site\/","sameAs":["https:\/\/www.facebook.com\/ABEn-Nacional-202551919840028\/","https:\/\/br.linkedin.com\/in\/aben-nacional-42385511b","https:\/\/www.youtube.com\/watch?v=m8cvAUgypCI"],"logo":{"@type":"ImageObject","@id":"https:\/\/www.abennacional.org.br\/site\/#logo","inLanguage":"pt-BR","url":"https:\/\/www.abennacional.org.br\/site\/wp-content\/uploads\/2018\/12\/logoaben_grande-2.png","contentUrl":"https:\/\/www.abennacional.org.br\/site\/wp-content\/uploads\/2018\/12\/logoaben_grande-2.png","width":410,"height":139,"caption":"ABEn Nacional"},"image":{"@id":"https:\/\/www.abennacional.org.br\/site\/#logo"}},{"@type":"WebSite","@id":"https:\/\/www.abennacional.org.br\/site\/#website","url":"https:\/\/www.abennacional.org.br\/site\/","name":"ABEn Nacional","description":"Associa\u00e7\u00e3o Brasileira de Enfermagem","publisher":{"@id":"https:\/\/www.abennacional.org.br\/site\/#organization"},"potentialAction":[{"@type":"SearchAction","target":{"@type":"EntryPoint","urlTemplate":"https:\/\/www.abennacional.org.br\/site\/?s={search_term_string}"},"query-input":"required name=search_term_string"}],"inLanguage":"pt-BR"},{"@type":"WebPage","@id":"https:\/\/www.abennacional.org.br\/site\/fentas\/#webpage","url":"https:\/\/www.abennacional.org.br\/site\/fentas\/","name":"FENTAS - ABEn Nacional","isPartOf":{"@id":"https:\/\/www.abennacional.org.br\/site\/#website"},"datePublished":"2019-02-04T12:29:38+00:00","dateModified":"2019-02-04T12:29:38+00:00","breadcrumb":{"@id":"https:\/\/www.abennacional.org.br\/site\/fentas\/#breadcrumb"},"inLanguage":"pt-BR","potentialAction":[{"@type":"ReadAction","target":["https:\/\/www.abennacional.org.br\/site\/fentas\/"]}]},{"@type":"BreadcrumbList","@id":"https:\/\/www.abennacional.org.br\/site\/fentas\/#breadcrumb","itemListElement":[{"@type":"ListItem","position":1,"name":"In\u00edcio","item":"https:\/\/www.abennacional.org.br\/site\/"},{"@type":"ListItem","position":2,"name":"FENTAS"}]}]}},"jetpack_sharing_enabled":true,"jetpack_shortlink":"https:\/\/wp.me\/PaUzFo-v9","_links":{"self":[{"href":"https:\/\/www.abennacional.org.br\/site\/wp-json\/wp\/v2\/pages\/1931"}],"collection":[{"href":"https:\/\/www.abennacional.org.br\/site\/wp-json\/wp\/v2\/pages"}],"about":[{"href":"https:\/\/www.abennacional.org.br\/site\/wp-json\/wp\/v2\/types\/page"}],"author":[{"embeddable":true,"href":"https:\/\/www.abennacional.org.br\/site\/wp-json\/wp\/v2\/users\/1"}],"replies":[{"embeddable":true,"href":"https:\/\/www.abennacional.org.br\/site\/wp-json\/wp\/v2\/comments?post=1931"}],"version-history":[{"count":1,"href":"https:\/\/www.abennacional.org.br\/site\/wp-json\/wp\/v2\/pages\/1931\/revisions"}],"predecessor-version":[{"id":1932,"href":"https:\/\/www.abennacional.org.br\/site\/wp-json\/wp\/v2\/pages\/1931\/revisions\/1932"}],"wp:attachment":[{"href":"https:\/\/www.abennacional.org.br\/site\/wp-json\/wp\/v2\/media?parent=1931"}],"curies":[{"name":"wp","href":"https:\/\/api.w.org\/{rel}","templated":true}]}}