{"id":3259,"date":"2019-04-04T14:38:17","date_gmt":"2019-04-04T17:38:17","guid":{"rendered":"http:\/\/www.abennacional.org.br\/site\/?page_id=3259"},"modified":"2019-11-08T16:16:36","modified_gmt":"2019-11-08T19:16:36","slug":"comite-estudantil-nacional","status":"publish","type":"page","link":"https:\/\/www.abennacional.org.br\/site\/comite-estudantil-nacional\/","title":{"rendered":"Comit\u00ea Estudantil Nacional"},"content":{"rendered":"\n<p><strong>Membros que comp\u00f5em o comit\u00ea estudantil da ABEn Nacional<\/strong><br> &#8230;&#8230;&#8230;&#8230;&#8230;&#8230;&#8230;&#8230;&#8230;&#8230;&#8230;&#8230;&#8230;&#8230;&#8230;&#8230;&#8230;&#8230;&#8230;&#8230;&#8230;   <\/p>\n\n\n\n<figure class=\"wp-block-image is-resized\"><img loading=\"lazy\" src=\"https:\/\/www.abennacional.org.br\/site\/wp-content\/uploads\/2019\/07\/laurianna.png\" alt=\"\" class=\"wp-image-4557\" width=\"122\" height=\"145\"\/><\/figure>\n\n\n\n<p>Laurianna Vieira<br><em><strong>Coordenadora Geral\/ S\u00f3cia tempor\u00e1ria da ABEn-Goi\u00e1s. <\/strong><br><\/em><strong><em>Acad\u00eamica de Enfermagem da Universidade Federal do Goi\u00e1s (UFG).<\/em><\/strong><br><br><\/p>\n\n\n\n<figure class=\"wp-block-image is-resized\"><img loading=\"lazy\" src=\"https:\/\/www.abennacional.org.br\/site\/wp-content\/uploads\/2019\/07\/ligia.png\" alt=\"\" class=\"wp-image-4558\" width=\"119\" height=\"142\"\/><\/figure>\n\n\n\n<p>L\u00edgia Maria<br><em><strong>S\u00f3cia tempor\u00e1ria da ABEn \u2013 Distrito Federal. <\/strong><\/em><br><strong><em>Acad\u00eamica de Enfermagem da Escola Superior de Ci\u00eancias da Sa\u00fade do Distrito Federal (ESCS-DF).<\/em><\/strong><br><br><\/p>\n\n\n\n<figure class=\"wp-block-image is-resized\"><img loading=\"lazy\" src=\"https:\/\/www.abennacional.org.br\/site\/wp-content\/uploads\/2019\/07\/francine.png\" alt=\"\" class=\"wp-image-4559\" width=\"117\" height=\"139\"\/><\/figure>\n\n\n\n<p>Francine Santana<br><strong><em>S\u00f3cia tempor\u00e1ria da ABEn \u2013S\u00e3o Paulo. <br>Acad\u00eamica de Enfermagem da Escola de Enfermagem da Universidade de S\u00e3o Paulo (EEUSP).<\/em><\/strong><br><br><\/p>\n\n\n\n<figure class=\"wp-block-image is-resized\"><img loading=\"lazy\" src=\"https:\/\/www.abennacional.org.br\/site\/wp-content\/uploads\/2019\/07\/Orleans.png\" alt=\"\" class=\"wp-image-4561\" width=\"111\" height=\"132\"\/><\/figure>\n\n\n\n<p>Iago Orleans<br><strong><em>S\u00f3cio tempor\u00e1ria da ABEn \u2013 Amazonas. <br>Acad\u00eamico de Enfermagem da Universidade Federal do Amazonas (UFAM).<\/em><\/strong><br><br><\/p>\n\n\n\n<figure class=\"wp-block-image is-resized\"><img loading=\"lazy\" src=\"https:\/\/www.abennacional.org.br\/site\/wp-content\/uploads\/2019\/07\/Jhonatan.png\" alt=\"\" class=\"wp-image-4562\" width=\"114\" height=\"136\"\/><\/figure>\n\n\n\n<p>Jhonatan Azevedo<br><strong><em>S\u00f3cio tempor\u00e1ria da ABEn \u2013 Maranh\u00e3o. <br>Acad\u00eamico de Enfermagem da Universidade Federal do Maranh\u00e3o (UFMA).<\/em><\/strong><\/p>\n\n\n\n<p><br><\/p>\n\n\n\n<figure class=\"wp-block-image is-resized\"><img loading=\"lazy\" src=\"https:\/\/www.abennacional.org.br\/site\/wp-content\/uploads\/2019\/07\/Kainan.png\" alt=\"\" class=\"wp-image-4567\" width=\"117\" height=\"139\"\/><\/figure>\n\n\n\n<p>Kainan Machado<br><em><strong>S\u00f3cio tempor\u00e1ria da ABEN \u2013 Rio de Janeiro. <br>Acad\u00eamico de Enfermagem da Universidade Est\u00e1cio de S\u00e1 do Rio de Janeiro (UESA- RJ).<\/strong><\/em><br><br><\/p>\n\n\n\n<figure class=\"wp-block-image is-resized\"><img loading=\"lazy\" src=\"https:\/\/www.abennacional.org.br\/site\/wp-content\/uploads\/2019\/07\/Gustavo.png\" alt=\"\" class=\"wp-image-4568\" width=\"123\" height=\"146\"\/><\/figure>\n\n\n\n<p>Gustavo da Cunha Teixeira<br><strong><em>S\u00f3cio tempor\u00e1ria da ABEN \u2013 Santa Catarina. <br>Acad\u00eamico de Enfermagem da Universidade Federal de Santa Catarina (UFSC-SC).<\/em><\/strong><br><br><\/p>\n\n\n\n<figure class=\"wp-block-image is-resized\"><img loading=\"lazy\" src=\"https:\/\/www.abennacional.org.br\/site\/wp-content\/uploads\/2019\/07\/CICERO.png\" alt=\"\" class=\"wp-image-4569\" width=\"126\" height=\"150\"\/><\/figure>\n\n\n\n<p>C\u00edcero Mendes Siqueira <br><strong><em>S\u00f3cio tempor\u00e1ria da ABEN \u2013 Cear\u00e1.<br>Acad\u00eamico de Enfermagem da Universidade Federal do Cear\u00e1. <\/em><\/strong><\/p>\n\n\n\n<p> <br><strong>Regimento<\/strong><br>\u2026\u2026\u2026\u2026\u2026\u2026\u2026\u2026\u2026\u2026\u2026\u2026\u2026\u2026\u2026\u2026\u2026\u2026\u2026\u2026\u2026.. <\/p>\n\n\n\n<p> \u2022 Regimento do Comit\u00ea Estudantil da ABEn Nacional. <a rel=\"noreferrer noopener\" href=\"https:\/\/www.abennacional.org.br\/site\/wp-content\/uploads\/2019\/11\/Regimento_COEST_.pdf\" target=\"_blank\">Clique aqui<\/a> <br><\/p>\n\n\n\n<p><strong>Links importantes<\/strong>  <br> \u2026\u2026\u2026\u2026\u2026\u2026\u2026\u2026\u2026\u2026\u2026\u2026\u2026\u2026\u2026\u2026\u2026\u2026\u2026\u2026\u2026..    <\/p>\n\n\n\n<p>\u2022 Portaria  N\u00ba 055\/2019. <a rel=\"noreferrer noopener\" aria-label=\"Clique aqui (abre numa nova aba)\" href=\"https:\/\/www.abennacional.org.br\/site\/wp-content\/uploads\/2019\/04\/COEST_Nac_Portaria_055_2019.pdf\" target=\"_blank\">Clique aqui<\/a><br>\u2022 Forma\u00e7\u00f5es nas Universidades &#8211; 25\/06\/2019. <a rel=\"noreferrer noopener\" aria-label=\"Clique aqui (opens in a new tab)\" href=\"https:\/\/www.abennacional.org.br\/site\/wp-content\/uploads\/2019\/07\/comite_etudantil_25_junho.pdf\" target=\"_blank\">Clique aqui<\/a>.<br>\u2022 CONABEn &#8211; 26\/06\/2019. <a rel=\"noreferrer noopener\" aria-label=\"Clique aqui (opens in a new tab)\" href=\"https:\/\/www.abennacional.org.br\/site\/wp-content\/uploads\/2019\/07\/conaben_26_junho_2019.pdf\" target=\"_blank\">Clique aqui<\/a>.<br>\u2022 Reuni\u00e3o de Planejamento &#8211; 26\/06\/2019. <a rel=\"noreferrer noopener\" aria-label=\"Clique aqui (opens in a new tab)\" href=\"https:\/\/www.abennacional.org.br\/site\/wp-content\/uploads\/2019\/07\/reunia_planejamento_26_06_2019.pdf\" target=\"_blank\">Clique aqui<\/a>.<br> <\/p>\n","protected":false},"excerpt":{"rendered":"<p>Membros que comp\u00f5em o comit\u00ea estudantil da ABEn Nacional &#8230;&#8230;&#8230;&#8230;&#8230;&#8230;&#8230;&#8230;&#8230;&#8230;&#8230;&#8230;&#8230;&#8230;&#8230;&#8230;&#8230;&#8230;&#8230;&#8230;&#8230; Laurianna VieiraCoordenadora Geral\/ S\u00f3cia tempor\u00e1ria da ABEn-Goi\u00e1s. Acad\u00eamica de Enfermagem da Universidade Federal do Goi\u00e1s (UFG). L\u00edgia MariaS\u00f3cia tempor\u00e1ria da ABEn \u2013 Distrito Federal. Acad\u00eamica de Enfermagem da Escola Superior de Ci\u00eancias da Sa\u00fade do Distrito Federal (ESCS-DF). Francine SantanaS\u00f3cia tempor\u00e1ria da ABEn \u2013S\u00e3o Paulo. [&hellip;]<\/p>\n","protected":false},"author":1,"featured_media":0,"parent":0,"menu_order":0,"comment_status":"closed","ping_status":"closed","template":"","meta":{"spay_email":""},"yoast_head":"<!-- This site is optimized with the Yoast SEO plugin v18.3 - https:\/\/yoast.com\/wordpress\/plugins\/seo\/ -->\n<title>Comit\u00ea Estudantil Nacional - ABEn Nacional<\/title>\n<meta name=\"robots\" content=\"index, follow, max-snippet:-1, max-image-preview:large, max-video-preview:-1\" \/>\n<link rel=\"canonical\" href=\"https:\/\/www.abennacional.org.br\/site\/comite-estudantil-nacional\/\" \/>\n<meta property=\"og:locale\" content=\"pt_BR\" \/>\n<meta property=\"og:type\" content=\"article\" \/>\n<meta property=\"og:title\" content=\"Comit\u00ea Estudantil Nacional - ABEn Nacional\" \/>\n<meta property=\"og:description\" content=\"Membros que comp\u00f5em o comit\u00ea estudantil da ABEn Nacional &#8230;&#8230;&#8230;&#8230;&#8230;&#8230;&#8230;&#8230;&#8230;&#8230;&#8230;&#8230;&#8230;&#8230;&#8230;&#8230;&#8230;&#8230;&#8230;&#8230;&#8230; Laurianna VieiraCoordenadora Geral\/ S\u00f3cia tempor\u00e1ria da ABEn-Goi\u00e1s. Acad\u00eamica de Enfermagem da Universidade Federal do Goi\u00e1s (UFG). L\u00edgia MariaS\u00f3cia tempor\u00e1ria da ABEn \u2013 Distrito Federal. Acad\u00eamica de Enfermagem da Escola Superior de Ci\u00eancias da Sa\u00fade do Distrito Federal (ESCS-DF). Francine SantanaS\u00f3cia tempor\u00e1ria da ABEn \u2013S\u00e3o Paulo. [&hellip;]\" \/>\n<meta property=\"og:url\" content=\"https:\/\/www.abennacional.org.br\/site\/comite-estudantil-nacional\/\" \/>\n<meta property=\"og:site_name\" content=\"ABEn Nacional\" \/>\n<meta property=\"article:publisher\" content=\"https:\/\/www.facebook.com\/ABEn-Nacional-202551919840028\/\" \/>\n<meta property=\"article:modified_time\" content=\"2019-11-08T19:16:36+00:00\" \/>\n<meta property=\"og:image\" content=\"http:\/\/www.abennacional.org.br\/site\/wp-content\/uploads\/2019\/07\/laurianna.png\" \/>\n<meta name=\"twitter:card\" content=\"summary_large_image\" \/>\n<meta name=\"twitter:label1\" content=\"Est. tempo de leitura\" \/>\n\t<meta name=\"twitter:data1\" content=\"1 minuto\" \/>\n<script type=\"application\/ld+json\" class=\"yoast-schema-graph\">{\"@context\":\"https:\/\/schema.org\",\"@graph\":[{\"@type\":\"Organization\",\"@id\":\"https:\/\/www.abennacional.org.br\/site\/#organization\",\"name\":\"ABEn Nacional\",\"url\":\"https:\/\/www.abennacional.org.br\/site\/\",\"sameAs\":[\"https:\/\/www.facebook.com\/ABEn-Nacional-202551919840028\/\",\"https:\/\/br.linkedin.com\/in\/aben-nacional-42385511b\",\"https:\/\/www.youtube.com\/watch?v=m8cvAUgypCI\"],\"logo\":{\"@type\":\"ImageObject\",\"@id\":\"https:\/\/www.abennacional.org.br\/site\/#logo\",\"inLanguage\":\"pt-BR\",\"url\":\"https:\/\/www.abennacional.org.br\/site\/wp-content\/uploads\/2018\/12\/logoaben_grande-2.png\",\"contentUrl\":\"https:\/\/www.abennacional.org.br\/site\/wp-content\/uploads\/2018\/12\/logoaben_grande-2.png\",\"width\":410,\"height\":139,\"caption\":\"ABEn Nacional\"},\"image\":{\"@id\":\"https:\/\/www.abennacional.org.br\/site\/#logo\"}},{\"@type\":\"WebSite\",\"@id\":\"https:\/\/www.abennacional.org.br\/site\/#website\",\"url\":\"https:\/\/www.abennacional.org.br\/site\/\",\"name\":\"ABEn Nacional\",\"description\":\"Associa\u00e7\u00e3o Brasileira de Enfermagem\",\"publisher\":{\"@id\":\"https:\/\/www.abennacional.org.br\/site\/#organization\"},\"potentialAction\":[{\"@type\":\"SearchAction\",\"target\":{\"@type\":\"EntryPoint\",\"urlTemplate\":\"https:\/\/www.abennacional.org.br\/site\/?s={search_term_string}\"},\"query-input\":\"required name=search_term_string\"}],\"inLanguage\":\"pt-BR\"},{\"@type\":\"ImageObject\",\"@id\":\"https:\/\/www.abennacional.org.br\/site\/comite-estudantil-nacional\/#primaryimage\",\"inLanguage\":\"pt-BR\",\"url\":\"http:\/\/www.abennacional.org.br\/site\/wp-content\/uploads\/2019\/07\/laurianna.png\",\"contentUrl\":\"http:\/\/www.abennacional.org.br\/site\/wp-content\/uploads\/2019\/07\/laurianna.png\"},{\"@type\":\"WebPage\",\"@id\":\"https:\/\/www.abennacional.org.br\/site\/comite-estudantil-nacional\/#webpage\",\"url\":\"https:\/\/www.abennacional.org.br\/site\/comite-estudantil-nacional\/\",\"name\":\"Comit\u00ea Estudantil Nacional - ABEn Nacional\",\"isPartOf\":{\"@id\":\"https:\/\/www.abennacional.org.br\/site\/#website\"},\"primaryImageOfPage\":{\"@id\":\"https:\/\/www.abennacional.org.br\/site\/comite-estudantil-nacional\/#primaryimage\"},\"datePublished\":\"2019-04-04T17:38:17+00:00\",\"dateModified\":\"2019-11-08T19:16:36+00:00\",\"breadcrumb\":{\"@id\":\"https:\/\/www.abennacional.org.br\/site\/comite-estudantil-nacional\/#breadcrumb\"},\"inLanguage\":\"pt-BR\",\"potentialAction\":[{\"@type\":\"ReadAction\",\"target\":[\"https:\/\/www.abennacional.org.br\/site\/comite-estudantil-nacional\/\"]}]},{\"@type\":\"BreadcrumbList\",\"@id\":\"https:\/\/www.abennacional.org.br\/site\/comite-estudantil-nacional\/#breadcrumb\",\"itemListElement\":[{\"@type\":\"ListItem\",\"position\":1,\"name\":\"In\u00edcio\",\"item\":\"https:\/\/www.abennacional.org.br\/site\/\"},{\"@type\":\"ListItem\",\"position\":2,\"name\":\"Comit\u00ea Estudantil Nacional\"}]}]}<\/script>\n<!-- \/ Yoast SEO plugin. -->","yoast_head_json":{"title":"Comit\u00ea Estudantil Nacional - ABEn Nacional","robots":{"index":"index","follow":"follow","max-snippet":"max-snippet:-1","max-image-preview":"max-image-preview:large","max-video-preview":"max-video-preview:-1"},"canonical":"https:\/\/www.abennacional.org.br\/site\/comite-estudantil-nacional\/","og_locale":"pt_BR","og_type":"article","og_title":"Comit\u00ea Estudantil Nacional - ABEn Nacional","og_description":"Membros que comp\u00f5em o comit\u00ea estudantil da ABEn Nacional &#8230;&#8230;&#8230;&#8230;&#8230;&#8230;&#8230;&#8230;&#8230;&#8230;&#8230;&#8230;&#8230;&#8230;&#8230;&#8230;&#8230;&#8230;&#8230;&#8230;&#8230; Laurianna VieiraCoordenadora Geral\/ S\u00f3cia tempor\u00e1ria da ABEn-Goi\u00e1s. Acad\u00eamica de Enfermagem da Universidade Federal do Goi\u00e1s (UFG). L\u00edgia MariaS\u00f3cia tempor\u00e1ria da ABEn \u2013 Distrito Federal. Acad\u00eamica de Enfermagem da Escola Superior de Ci\u00eancias da Sa\u00fade do Distrito Federal (ESCS-DF). Francine SantanaS\u00f3cia tempor\u00e1ria da ABEn \u2013S\u00e3o Paulo. [&hellip;]","og_url":"https:\/\/www.abennacional.org.br\/site\/comite-estudantil-nacional\/","og_site_name":"ABEn Nacional","article_publisher":"https:\/\/www.facebook.com\/ABEn-Nacional-202551919840028\/","article_modified_time":"2019-11-08T19:16:36+00:00","og_image":[{"url":"http:\/\/www.abennacional.org.br\/site\/wp-content\/uploads\/2019\/07\/laurianna.png"}],"twitter_card":"summary_large_image","twitter_misc":{"Est. tempo de leitura":"1 minuto"},"schema":{"@context":"https:\/\/schema.org","@graph":[{"@type":"Organization","@id":"https:\/\/www.abennacional.org.br\/site\/#organization","name":"ABEn Nacional","url":"https:\/\/www.abennacional.org.br\/site\/","sameAs":["https:\/\/www.facebook.com\/ABEn-Nacional-202551919840028\/","https:\/\/br.linkedin.com\/in\/aben-nacional-42385511b","https:\/\/www.youtube.com\/watch?v=m8cvAUgypCI"],"logo":{"@type":"ImageObject","@id":"https:\/\/www.abennacional.org.br\/site\/#logo","inLanguage":"pt-BR","url":"https:\/\/www.abennacional.org.br\/site\/wp-content\/uploads\/2018\/12\/logoaben_grande-2.png","contentUrl":"https:\/\/www.abennacional.org.br\/site\/wp-content\/uploads\/2018\/12\/logoaben_grande-2.png","width":410,"height":139,"caption":"ABEn Nacional"},"image":{"@id":"https:\/\/www.abennacional.org.br\/site\/#logo"}},{"@type":"WebSite","@id":"https:\/\/www.abennacional.org.br\/site\/#website","url":"https:\/\/www.abennacional.org.br\/site\/","name":"ABEn Nacional","description":"Associa\u00e7\u00e3o Brasileira de Enfermagem","publisher":{"@id":"https:\/\/www.abennacional.org.br\/site\/#organization"},"potentialAction":[{"@type":"SearchAction","target":{"@type":"EntryPoint","urlTemplate":"https:\/\/www.abennacional.org.br\/site\/?s={search_term_string}"},"query-input":"required name=search_term_string"}],"inLanguage":"pt-BR"},{"@type":"ImageObject","@id":"https:\/\/www.abennacional.org.br\/site\/comite-estudantil-nacional\/#primaryimage","inLanguage":"pt-BR","url":"http:\/\/www.abennacional.org.br\/site\/wp-content\/uploads\/2019\/07\/laurianna.png","contentUrl":"http:\/\/www.abennacional.org.br\/site\/wp-content\/uploads\/2019\/07\/laurianna.png"},{"@type":"WebPage","@id":"https:\/\/www.abennacional.org.br\/site\/comite-estudantil-nacional\/#webpage","url":"https:\/\/www.abennacional.org.br\/site\/comite-estudantil-nacional\/","name":"Comit\u00ea Estudantil Nacional - ABEn Nacional","isPartOf":{"@id":"https:\/\/www.abennacional.org.br\/site\/#website"},"primaryImageOfPage":{"@id":"https:\/\/www.abennacional.org.br\/site\/comite-estudantil-nacional\/#primaryimage"},"datePublished":"2019-04-04T17:38:17+00:00","dateModified":"2019-11-08T19:16:36+00:00","breadcrumb":{"@id":"https:\/\/www.abennacional.org.br\/site\/comite-estudantil-nacional\/#breadcrumb"},"inLanguage":"pt-BR","potentialAction":[{"@type":"ReadAction","target":["https:\/\/www.abennacional.org.br\/site\/comite-estudantil-nacional\/"]}]},{"@type":"BreadcrumbList","@id":"https:\/\/www.abennacional.org.br\/site\/comite-estudantil-nacional\/#breadcrumb","itemListElement":[{"@type":"ListItem","position":1,"name":"In\u00edcio","item":"https:\/\/www.abennacional.org.br\/site\/"},{"@type":"ListItem","position":2,"name":"Comit\u00ea Estudantil Nacional"}]}]}},"jetpack_sharing_enabled":true,"jetpack_shortlink":"https:\/\/wp.me\/PaUzFo-Qz","_links":{"self":[{"href":"https:\/\/www.abennacional.org.br\/site\/wp-json\/wp\/v2\/pages\/3259"}],"collection":[{"href":"https:\/\/www.abennacional.org.br\/site\/wp-json\/wp\/v2\/pages"}],"about":[{"href":"https:\/\/www.abennacional.org.br\/site\/wp-json\/wp\/v2\/types\/page"}],"author":[{"embeddable":true,"href":"https:\/\/www.abennacional.org.br\/site\/wp-json\/wp\/v2\/users\/1"}],"replies":[{"embeddable":true,"href":"https:\/\/www.abennacional.org.br\/site\/wp-json\/wp\/v2\/comments?post=3259"}],"version-history":[{"count":15,"href":"https:\/\/www.abennacional.org.br\/site\/wp-json\/wp\/v2\/pages\/3259\/revisions"}],"predecessor-version":[{"id":5623,"href":"https:\/\/www.abennacional.org.br\/site\/wp-json\/wp\/v2\/pages\/3259\/revisions\/5623"}],"wp:attachment":[{"href":"https:\/\/www.abennacional.org.br\/site\/wp-json\/wp\/v2\/media?parent=3259"}],"curies":[{"name":"wp","href":"https:\/\/api.w.org\/{rel}","templated":true}]}}