{"id":3523,"date":"2019-04-20T11:30:38","date_gmt":"2019-04-20T14:30:38","guid":{"rendered":"http:\/\/www.abennacional.org.br\/site\/?page_id=3523"},"modified":"2019-10-30T15:28:44","modified_gmt":"2019-10-30T18:28:44","slug":"conselho-nacional-de-saude","status":"publish","type":"page","link":"https:\/\/www.abennacional.org.br\/site\/conselho-nacional-de-saude\/","title":{"rendered":"Conselho Nacional de Sa\u00fade"},"content":{"rendered":"\n<p><\/p>\n\n\n\n<div class=\"wp-block-image\"><figure class=\"aligncenter is-resized\"><img loading=\"lazy\" src=\"https:\/\/www.abennacional.org.br\/site\/wp-content\/uploads\/2019\/04\/conselho_nacional_saude-1024x1024.jpg\" alt=\"\" class=\"wp-image-3524\" width=\"555\" height=\"555\" srcset=\"https:\/\/www.abennacional.org.br\/site\/wp-content\/uploads\/2019\/04\/conselho_nacional_saude-1024x1024.jpg 1024w, https:\/\/www.abennacional.org.br\/site\/wp-content\/uploads\/2019\/04\/conselho_nacional_saude-150x150.jpg 150w, https:\/\/www.abennacional.org.br\/site\/wp-content\/uploads\/2019\/04\/conselho_nacional_saude-300x300.jpg 300w, https:\/\/www.abennacional.org.br\/site\/wp-content\/uploads\/2019\/04\/conselho_nacional_saude-768x768.jpg 768w, https:\/\/www.abennacional.org.br\/site\/wp-content\/uploads\/2019\/04\/conselho_nacional_saude.jpg 1200w\" sizes=\"(max-width: 555px) 100vw, 555px\" \/><\/figure><\/div>\n\n\n\n<p>\u2022 CNS vai compor Comiss\u00f5es para o tri\u00eanio 2019-2022. <a rel=\"noreferrer noopener\" aria-label=\"Clique aqui (opens in a new tab)\" href=\"https:\/\/bit.ly\/2V5iHqM \" target=\"_blank\">Clique aqui<\/a>.<br>\u2022 Recomenda\u00e7\u00e3o do Conselho Nacional de Sa\u00fade \u00e0 Comiss\u00e3o Nacional  de Resid\u00eancia Multiprofissional em Sa\u00fade (CNRMS). <a href=\"https:\/\/www.abennacional.org.br\/site\/wp-content\/uploads\/2019\/10\/CNS_ao_CNRMS.pdf\" target=\"_blank\" rel=\"noreferrer noopener\" aria-label=\"Clique aqui (opens in a new tab)\">Clique aqui<\/a><\/p>\n","protected":false},"excerpt":{"rendered":"<p>\u2022 CNS vai compor Comiss\u00f5es para o tri\u00eanio 2019-2022. Clique aqui.\u2022 Recomenda\u00e7\u00e3o do Conselho Nacional de Sa\u00fade \u00e0 Comiss\u00e3o Nacional de Resid\u00eancia Multiprofissional em Sa\u00fade (CNRMS). Clique aqui<\/p>\n","protected":false},"author":1,"featured_media":0,"parent":0,"menu_order":0,"comment_status":"closed","ping_status":"closed","template":"","meta":{"spay_email":""},"yoast_head":"<!-- This site is optimized with the Yoast SEO plugin v18.3 - https:\/\/yoast.com\/wordpress\/plugins\/seo\/ -->\n<title>Conselho Nacional de Sa\u00fade - ABEn Nacional<\/title>\n<meta name=\"robots\" content=\"index, follow, max-snippet:-1, max-image-preview:large, max-video-preview:-1\" \/>\n<link rel=\"canonical\" href=\"https:\/\/www.abennacional.org.br\/site\/conselho-nacional-de-saude\/\" \/>\n<meta property=\"og:locale\" content=\"pt_BR\" \/>\n<meta property=\"og:type\" content=\"article\" \/>\n<meta property=\"og:title\" content=\"Conselho Nacional de Sa\u00fade - ABEn Nacional\" \/>\n<meta property=\"og:description\" content=\"\u2022 CNS vai compor Comiss\u00f5es para o tri\u00eanio 2019-2022. Clique aqui.\u2022 Recomenda\u00e7\u00e3o do Conselho Nacional de Sa\u00fade \u00e0 Comiss\u00e3o Nacional de Resid\u00eancia Multiprofissional em Sa\u00fade (CNRMS). Clique aqui\" \/>\n<meta property=\"og:url\" content=\"https:\/\/www.abennacional.org.br\/site\/conselho-nacional-de-saude\/\" \/>\n<meta property=\"og:site_name\" content=\"ABEn Nacional\" \/>\n<meta property=\"article:publisher\" content=\"https:\/\/www.facebook.com\/ABEn-Nacional-202551919840028\/\" \/>\n<meta property=\"article:modified_time\" content=\"2019-10-30T18:28:44+00:00\" \/>\n<meta property=\"og:image\" content=\"http:\/\/www.abennacional.org.br\/site\/wp-content\/uploads\/2019\/04\/conselho_nacional_saude-1024x1024.jpg\" \/>\n<meta name=\"twitter:card\" content=\"summary_large_image\" \/>\n<script type=\"application\/ld+json\" class=\"yoast-schema-graph\">{\"@context\":\"https:\/\/schema.org\",\"@graph\":[{\"@type\":\"Organization\",\"@id\":\"https:\/\/www.abennacional.org.br\/site\/#organization\",\"name\":\"ABEn Nacional\",\"url\":\"https:\/\/www.abennacional.org.br\/site\/\",\"sameAs\":[\"https:\/\/www.facebook.com\/ABEn-Nacional-202551919840028\/\",\"https:\/\/br.linkedin.com\/in\/aben-nacional-42385511b\",\"https:\/\/www.youtube.com\/watch?v=m8cvAUgypCI\"],\"logo\":{\"@type\":\"ImageObject\",\"@id\":\"https:\/\/www.abennacional.org.br\/site\/#logo\",\"inLanguage\":\"pt-BR\",\"url\":\"https:\/\/www.abennacional.org.br\/site\/wp-content\/uploads\/2018\/12\/logoaben_grande-2.png\",\"contentUrl\":\"https:\/\/www.abennacional.org.br\/site\/wp-content\/uploads\/2018\/12\/logoaben_grande-2.png\",\"width\":410,\"height\":139,\"caption\":\"ABEn Nacional\"},\"image\":{\"@id\":\"https:\/\/www.abennacional.org.br\/site\/#logo\"}},{\"@type\":\"WebSite\",\"@id\":\"https:\/\/www.abennacional.org.br\/site\/#website\",\"url\":\"https:\/\/www.abennacional.org.br\/site\/\",\"name\":\"ABEn Nacional\",\"description\":\"Associa\u00e7\u00e3o Brasileira de Enfermagem\",\"publisher\":{\"@id\":\"https:\/\/www.abennacional.org.br\/site\/#organization\"},\"potentialAction\":[{\"@type\":\"SearchAction\",\"target\":{\"@type\":\"EntryPoint\",\"urlTemplate\":\"https:\/\/www.abennacional.org.br\/site\/?s={search_term_string}\"},\"query-input\":\"required name=search_term_string\"}],\"inLanguage\":\"pt-BR\"},{\"@type\":\"ImageObject\",\"@id\":\"https:\/\/www.abennacional.org.br\/site\/conselho-nacional-de-saude\/#primaryimage\",\"inLanguage\":\"pt-BR\",\"url\":\"http:\/\/www.abennacional.org.br\/site\/wp-content\/uploads\/2019\/04\/conselho_nacional_saude-1024x1024.jpg\",\"contentUrl\":\"http:\/\/www.abennacional.org.br\/site\/wp-content\/uploads\/2019\/04\/conselho_nacional_saude-1024x1024.jpg\"},{\"@type\":\"WebPage\",\"@id\":\"https:\/\/www.abennacional.org.br\/site\/conselho-nacional-de-saude\/#webpage\",\"url\":\"https:\/\/www.abennacional.org.br\/site\/conselho-nacional-de-saude\/\",\"name\":\"Conselho Nacional de Sa\u00fade - ABEn Nacional\",\"isPartOf\":{\"@id\":\"https:\/\/www.abennacional.org.br\/site\/#website\"},\"primaryImageOfPage\":{\"@id\":\"https:\/\/www.abennacional.org.br\/site\/conselho-nacional-de-saude\/#primaryimage\"},\"datePublished\":\"2019-04-20T14:30:38+00:00\",\"dateModified\":\"2019-10-30T18:28:44+00:00\",\"breadcrumb\":{\"@id\":\"https:\/\/www.abennacional.org.br\/site\/conselho-nacional-de-saude\/#breadcrumb\"},\"inLanguage\":\"pt-BR\",\"potentialAction\":[{\"@type\":\"ReadAction\",\"target\":[\"https:\/\/www.abennacional.org.br\/site\/conselho-nacional-de-saude\/\"]}]},{\"@type\":\"BreadcrumbList\",\"@id\":\"https:\/\/www.abennacional.org.br\/site\/conselho-nacional-de-saude\/#breadcrumb\",\"itemListElement\":[{\"@type\":\"ListItem\",\"position\":1,\"name\":\"In\u00edcio\",\"item\":\"https:\/\/www.abennacional.org.br\/site\/\"},{\"@type\":\"ListItem\",\"position\":2,\"name\":\"Conselho Nacional de Sa\u00fade\"}]}]}<\/script>\n<!-- \/ Yoast SEO plugin. -->","yoast_head_json":{"title":"Conselho Nacional de Sa\u00fade - ABEn Nacional","robots":{"index":"index","follow":"follow","max-snippet":"max-snippet:-1","max-image-preview":"max-image-preview:large","max-video-preview":"max-video-preview:-1"},"canonical":"https:\/\/www.abennacional.org.br\/site\/conselho-nacional-de-saude\/","og_locale":"pt_BR","og_type":"article","og_title":"Conselho Nacional de Sa\u00fade - ABEn Nacional","og_description":"\u2022 CNS vai compor Comiss\u00f5es para o tri\u00eanio 2019-2022. Clique aqui.\u2022 Recomenda\u00e7\u00e3o do Conselho Nacional de Sa\u00fade \u00e0 Comiss\u00e3o Nacional de Resid\u00eancia Multiprofissional em Sa\u00fade (CNRMS). Clique aqui","og_url":"https:\/\/www.abennacional.org.br\/site\/conselho-nacional-de-saude\/","og_site_name":"ABEn Nacional","article_publisher":"https:\/\/www.facebook.com\/ABEn-Nacional-202551919840028\/","article_modified_time":"2019-10-30T18:28:44+00:00","og_image":[{"url":"http:\/\/www.abennacional.org.br\/site\/wp-content\/uploads\/2019\/04\/conselho_nacional_saude-1024x1024.jpg"}],"twitter_card":"summary_large_image","schema":{"@context":"https:\/\/schema.org","@graph":[{"@type":"Organization","@id":"https:\/\/www.abennacional.org.br\/site\/#organization","name":"ABEn Nacional","url":"https:\/\/www.abennacional.org.br\/site\/","sameAs":["https:\/\/www.facebook.com\/ABEn-Nacional-202551919840028\/","https:\/\/br.linkedin.com\/in\/aben-nacional-42385511b","https:\/\/www.youtube.com\/watch?v=m8cvAUgypCI"],"logo":{"@type":"ImageObject","@id":"https:\/\/www.abennacional.org.br\/site\/#logo","inLanguage":"pt-BR","url":"https:\/\/www.abennacional.org.br\/site\/wp-content\/uploads\/2018\/12\/logoaben_grande-2.png","contentUrl":"https:\/\/www.abennacional.org.br\/site\/wp-content\/uploads\/2018\/12\/logoaben_grande-2.png","width":410,"height":139,"caption":"ABEn Nacional"},"image":{"@id":"https:\/\/www.abennacional.org.br\/site\/#logo"}},{"@type":"WebSite","@id":"https:\/\/www.abennacional.org.br\/site\/#website","url":"https:\/\/www.abennacional.org.br\/site\/","name":"ABEn Nacional","description":"Associa\u00e7\u00e3o Brasileira de Enfermagem","publisher":{"@id":"https:\/\/www.abennacional.org.br\/site\/#organization"},"potentialAction":[{"@type":"SearchAction","target":{"@type":"EntryPoint","urlTemplate":"https:\/\/www.abennacional.org.br\/site\/?s={search_term_string}"},"query-input":"required name=search_term_string"}],"inLanguage":"pt-BR"},{"@type":"ImageObject","@id":"https:\/\/www.abennacional.org.br\/site\/conselho-nacional-de-saude\/#primaryimage","inLanguage":"pt-BR","url":"http:\/\/www.abennacional.org.br\/site\/wp-content\/uploads\/2019\/04\/conselho_nacional_saude-1024x1024.jpg","contentUrl":"http:\/\/www.abennacional.org.br\/site\/wp-content\/uploads\/2019\/04\/conselho_nacional_saude-1024x1024.jpg"},{"@type":"WebPage","@id":"https:\/\/www.abennacional.org.br\/site\/conselho-nacional-de-saude\/#webpage","url":"https:\/\/www.abennacional.org.br\/site\/conselho-nacional-de-saude\/","name":"Conselho Nacional de Sa\u00fade - ABEn Nacional","isPartOf":{"@id":"https:\/\/www.abennacional.org.br\/site\/#website"},"primaryImageOfPage":{"@id":"https:\/\/www.abennacional.org.br\/site\/conselho-nacional-de-saude\/#primaryimage"},"datePublished":"2019-04-20T14:30:38+00:00","dateModified":"2019-10-30T18:28:44+00:00","breadcrumb":{"@id":"https:\/\/www.abennacional.org.br\/site\/conselho-nacional-de-saude\/#breadcrumb"},"inLanguage":"pt-BR","potentialAction":[{"@type":"ReadAction","target":["https:\/\/www.abennacional.org.br\/site\/conselho-nacional-de-saude\/"]}]},{"@type":"BreadcrumbList","@id":"https:\/\/www.abennacional.org.br\/site\/conselho-nacional-de-saude\/#breadcrumb","itemListElement":[{"@type":"ListItem","position":1,"name":"In\u00edcio","item":"https:\/\/www.abennacional.org.br\/site\/"},{"@type":"ListItem","position":2,"name":"Conselho Nacional de Sa\u00fade"}]}]}},"jetpack_sharing_enabled":true,"jetpack_shortlink":"https:\/\/wp.me\/PaUzFo-UP","_links":{"self":[{"href":"https:\/\/www.abennacional.org.br\/site\/wp-json\/wp\/v2\/pages\/3523"}],"collection":[{"href":"https:\/\/www.abennacional.org.br\/site\/wp-json\/wp\/v2\/pages"}],"about":[{"href":"https:\/\/www.abennacional.org.br\/site\/wp-json\/wp\/v2\/types\/page"}],"author":[{"embeddable":true,"href":"https:\/\/www.abennacional.org.br\/site\/wp-json\/wp\/v2\/users\/1"}],"replies":[{"embeddable":true,"href":"https:\/\/www.abennacional.org.br\/site\/wp-json\/wp\/v2\/comments?post=3523"}],"version-history":[{"count":6,"href":"https:\/\/www.abennacional.org.br\/site\/wp-json\/wp\/v2\/pages\/3523\/revisions"}],"predecessor-version":[{"id":5489,"href":"https:\/\/www.abennacional.org.br\/site\/wp-json\/wp\/v2\/pages\/3523\/revisions\/5489"}],"wp:attachment":[{"href":"https:\/\/www.abennacional.org.br\/site\/wp-json\/wp\/v2\/media?parent=3523"}],"curies":[{"name":"wp","href":"https:\/\/api.w.org\/{rel}","templated":true}]}}