{"id":464,"date":"2018-12-16T17:52:08","date_gmt":"2018-12-16T19:52:08","guid":{"rendered":"http:\/\/www.abennacional.org.br\/validacao\/?page_id=464"},"modified":"2019-02-16T11:47:15","modified_gmt":"2019-02-16T13:47:15","slug":"centro-financeiro","status":"publish","type":"page","link":"https:\/\/www.abennacional.org.br\/site\/centro-financeiro\/","title":{"rendered":"Centro Financeiro"},"content":{"rendered":"\n<p>S\u00e3o atribui\u00e7\u00f5es do Diretor Financeiro: <br><br>1- participar da elabora\u00e7\u00e3o da proposta or\u00e7ament\u00e1ria e submet\u00ea-la \u00e0 aprecia\u00e7\u00e3o e aprova\u00e7\u00e3o da AND;<\/p>\n\n\n\n<p>2- acompanhar a execu\u00e7\u00e3o do plano or\u00e7ament\u00e1rio e a gest\u00e3o de conv\u00eanios e contratos; <\/p>\n\n\n\n<p>3- acompanhar o fluxo de pagamentos referentes ao valor per capita repassado pelas Se\u00e7\u00f5es; <\/p>\n\n\n\n<p>4- apresentar \u00e0 AND, para aprecia\u00e7\u00e3o e aprova\u00e7\u00e3o, o relat\u00f3rio anual da Diretoria Financeira, contendo o balan\u00e7o cont\u00e1bil-financeiro e o balan\u00e7o patrimonial com parecer do Conselho Fiscal Nacional; <\/p>\n\n\n\n<p>5- manter a Diretoria Nacional e o Conselho Fiscal informados sobre a situa\u00e7\u00e3o financeira da ABEn; <\/p>\n\n\n\n<p>6- definir estrat\u00e9gias de capta\u00e7\u00e3o e gest\u00e3o de recursos;<\/p>\n\n\n\n<p>7- gerenciar e movimentar as contas banc\u00e1rias institucionais, de forma conjunta com o Presidente da ABEn Nacional e, quando aplic\u00e1vel \u00e0s Se\u00e7\u00f5es estaduais e do Distrito Federal, em conjunto com o Presidente da Se\u00e7\u00e3o respectiva. <\/p>\n\n\n\n<p>\nPara o cumprimento de suas atribui\u00e7\u00f5es, a Diretoria Financeira contar\u00e1 com equipe t\u00e9cnica profissional. \n\n<\/p>\n","protected":false},"excerpt":{"rendered":"<p>S\u00e3o atribui\u00e7\u00f5es do Diretor Financeiro: 1- participar da elabora\u00e7\u00e3o da proposta or\u00e7ament\u00e1ria e submet\u00ea-la \u00e0 aprecia\u00e7\u00e3o e aprova\u00e7\u00e3o da AND; 2- acompanhar a execu\u00e7\u00e3o do plano or\u00e7ament\u00e1rio e a gest\u00e3o de conv\u00eanios e contratos; 3- acompanhar o fluxo de pagamentos referentes ao valor per capita repassado pelas Se\u00e7\u00f5es; 4- apresentar \u00e0 AND, para aprecia\u00e7\u00e3o e [&hellip;]<\/p>\n","protected":false},"author":2,"featured_media":0,"parent":0,"menu_order":0,"comment_status":"closed","ping_status":"closed","template":"","meta":{"spay_email":""},"yoast_head":"<!-- This site is optimized with the Yoast SEO plugin v18.3 - https:\/\/yoast.com\/wordpress\/plugins\/seo\/ -->\n<title>Centro Financeiro - ABEn Nacional<\/title>\n<meta name=\"robots\" content=\"index, follow, max-snippet:-1, max-image-preview:large, max-video-preview:-1\" \/>\n<link rel=\"canonical\" href=\"https:\/\/www.abennacional.org.br\/site\/centro-financeiro\/\" \/>\n<meta property=\"og:locale\" content=\"pt_BR\" \/>\n<meta property=\"og:type\" content=\"article\" \/>\n<meta property=\"og:title\" content=\"Centro Financeiro - ABEn Nacional\" \/>\n<meta property=\"og:description\" content=\"S\u00e3o atribui\u00e7\u00f5es do Diretor Financeiro: 1- participar da elabora\u00e7\u00e3o da proposta or\u00e7ament\u00e1ria e submet\u00ea-la \u00e0 aprecia\u00e7\u00e3o e aprova\u00e7\u00e3o da AND; 2- acompanhar a execu\u00e7\u00e3o do plano or\u00e7ament\u00e1rio e a gest\u00e3o de conv\u00eanios e contratos; 3- acompanhar o fluxo de pagamentos referentes ao valor per capita repassado pelas Se\u00e7\u00f5es; 4- apresentar \u00e0 AND, para aprecia\u00e7\u00e3o e [&hellip;]\" \/>\n<meta property=\"og:url\" content=\"https:\/\/www.abennacional.org.br\/site\/centro-financeiro\/\" \/>\n<meta property=\"og:site_name\" content=\"ABEn Nacional\" \/>\n<meta property=\"article:publisher\" content=\"https:\/\/www.facebook.com\/ABEn-Nacional-202551919840028\/\" \/>\n<meta property=\"article:modified_time\" content=\"2019-02-16T13:47:15+00:00\" \/>\n<meta name=\"twitter:card\" content=\"summary_large_image\" \/>\n<meta name=\"twitter:label1\" content=\"Est. tempo de leitura\" \/>\n\t<meta name=\"twitter:data1\" content=\"1 minuto\" \/>\n<script type=\"application\/ld+json\" class=\"yoast-schema-graph\">{\"@context\":\"https:\/\/schema.org\",\"@graph\":[{\"@type\":\"Organization\",\"@id\":\"https:\/\/www.abennacional.org.br\/site\/#organization\",\"name\":\"ABEn Nacional\",\"url\":\"https:\/\/www.abennacional.org.br\/site\/\",\"sameAs\":[\"https:\/\/www.facebook.com\/ABEn-Nacional-202551919840028\/\",\"https:\/\/br.linkedin.com\/in\/aben-nacional-42385511b\",\"https:\/\/www.youtube.com\/watch?v=m8cvAUgypCI\"],\"logo\":{\"@type\":\"ImageObject\",\"@id\":\"https:\/\/www.abennacional.org.br\/site\/#logo\",\"inLanguage\":\"pt-BR\",\"url\":\"https:\/\/www.abennacional.org.br\/site\/wp-content\/uploads\/2018\/12\/logoaben_grande-2.png\",\"contentUrl\":\"https:\/\/www.abennacional.org.br\/site\/wp-content\/uploads\/2018\/12\/logoaben_grande-2.png\",\"width\":410,\"height\":139,\"caption\":\"ABEn Nacional\"},\"image\":{\"@id\":\"https:\/\/www.abennacional.org.br\/site\/#logo\"}},{\"@type\":\"WebSite\",\"@id\":\"https:\/\/www.abennacional.org.br\/site\/#website\",\"url\":\"https:\/\/www.abennacional.org.br\/site\/\",\"name\":\"ABEn Nacional\",\"description\":\"Associa\u00e7\u00e3o Brasileira de Enfermagem\",\"publisher\":{\"@id\":\"https:\/\/www.abennacional.org.br\/site\/#organization\"},\"potentialAction\":[{\"@type\":\"SearchAction\",\"target\":{\"@type\":\"EntryPoint\",\"urlTemplate\":\"https:\/\/www.abennacional.org.br\/site\/?s={search_term_string}\"},\"query-input\":\"required name=search_term_string\"}],\"inLanguage\":\"pt-BR\"},{\"@type\":\"WebPage\",\"@id\":\"https:\/\/www.abennacional.org.br\/site\/centro-financeiro\/#webpage\",\"url\":\"https:\/\/www.abennacional.org.br\/site\/centro-financeiro\/\",\"name\":\"Centro Financeiro - ABEn Nacional\",\"isPartOf\":{\"@id\":\"https:\/\/www.abennacional.org.br\/site\/#website\"},\"datePublished\":\"2018-12-16T19:52:08+00:00\",\"dateModified\":\"2019-02-16T13:47:15+00:00\",\"breadcrumb\":{\"@id\":\"https:\/\/www.abennacional.org.br\/site\/centro-financeiro\/#breadcrumb\"},\"inLanguage\":\"pt-BR\",\"potentialAction\":[{\"@type\":\"ReadAction\",\"target\":[\"https:\/\/www.abennacional.org.br\/site\/centro-financeiro\/\"]}]},{\"@type\":\"BreadcrumbList\",\"@id\":\"https:\/\/www.abennacional.org.br\/site\/centro-financeiro\/#breadcrumb\",\"itemListElement\":[{\"@type\":\"ListItem\",\"position\":1,\"name\":\"In\u00edcio\",\"item\":\"https:\/\/www.abennacional.org.br\/site\/\"},{\"@type\":\"ListItem\",\"position\":2,\"name\":\"Centro Financeiro\"}]}]}<\/script>\n<!-- \/ Yoast SEO plugin. -->","yoast_head_json":{"title":"Centro Financeiro - ABEn Nacional","robots":{"index":"index","follow":"follow","max-snippet":"max-snippet:-1","max-image-preview":"max-image-preview:large","max-video-preview":"max-video-preview:-1"},"canonical":"https:\/\/www.abennacional.org.br\/site\/centro-financeiro\/","og_locale":"pt_BR","og_type":"article","og_title":"Centro Financeiro - ABEn Nacional","og_description":"S\u00e3o atribui\u00e7\u00f5es do Diretor Financeiro: 1- participar da elabora\u00e7\u00e3o da proposta or\u00e7ament\u00e1ria e submet\u00ea-la \u00e0 aprecia\u00e7\u00e3o e aprova\u00e7\u00e3o da AND; 2- acompanhar a execu\u00e7\u00e3o do plano or\u00e7ament\u00e1rio e a gest\u00e3o de conv\u00eanios e contratos; 3- acompanhar o fluxo de pagamentos referentes ao valor per capita repassado pelas Se\u00e7\u00f5es; 4- apresentar \u00e0 AND, para aprecia\u00e7\u00e3o e [&hellip;]","og_url":"https:\/\/www.abennacional.org.br\/site\/centro-financeiro\/","og_site_name":"ABEn Nacional","article_publisher":"https:\/\/www.facebook.com\/ABEn-Nacional-202551919840028\/","article_modified_time":"2019-02-16T13:47:15+00:00","twitter_card":"summary_large_image","twitter_misc":{"Est. tempo de leitura":"1 minuto"},"schema":{"@context":"https:\/\/schema.org","@graph":[{"@type":"Organization","@id":"https:\/\/www.abennacional.org.br\/site\/#organization","name":"ABEn Nacional","url":"https:\/\/www.abennacional.org.br\/site\/","sameAs":["https:\/\/www.facebook.com\/ABEn-Nacional-202551919840028\/","https:\/\/br.linkedin.com\/in\/aben-nacional-42385511b","https:\/\/www.youtube.com\/watch?v=m8cvAUgypCI"],"logo":{"@type":"ImageObject","@id":"https:\/\/www.abennacional.org.br\/site\/#logo","inLanguage":"pt-BR","url":"https:\/\/www.abennacional.org.br\/site\/wp-content\/uploads\/2018\/12\/logoaben_grande-2.png","contentUrl":"https:\/\/www.abennacional.org.br\/site\/wp-content\/uploads\/2018\/12\/logoaben_grande-2.png","width":410,"height":139,"caption":"ABEn Nacional"},"image":{"@id":"https:\/\/www.abennacional.org.br\/site\/#logo"}},{"@type":"WebSite","@id":"https:\/\/www.abennacional.org.br\/site\/#website","url":"https:\/\/www.abennacional.org.br\/site\/","name":"ABEn Nacional","description":"Associa\u00e7\u00e3o Brasileira de Enfermagem","publisher":{"@id":"https:\/\/www.abennacional.org.br\/site\/#organization"},"potentialAction":[{"@type":"SearchAction","target":{"@type":"EntryPoint","urlTemplate":"https:\/\/www.abennacional.org.br\/site\/?s={search_term_string}"},"query-input":"required name=search_term_string"}],"inLanguage":"pt-BR"},{"@type":"WebPage","@id":"https:\/\/www.abennacional.org.br\/site\/centro-financeiro\/#webpage","url":"https:\/\/www.abennacional.org.br\/site\/centro-financeiro\/","name":"Centro Financeiro - ABEn Nacional","isPartOf":{"@id":"https:\/\/www.abennacional.org.br\/site\/#website"},"datePublished":"2018-12-16T19:52:08+00:00","dateModified":"2019-02-16T13:47:15+00:00","breadcrumb":{"@id":"https:\/\/www.abennacional.org.br\/site\/centro-financeiro\/#breadcrumb"},"inLanguage":"pt-BR","potentialAction":[{"@type":"ReadAction","target":["https:\/\/www.abennacional.org.br\/site\/centro-financeiro\/"]}]},{"@type":"BreadcrumbList","@id":"https:\/\/www.abennacional.org.br\/site\/centro-financeiro\/#breadcrumb","itemListElement":[{"@type":"ListItem","position":1,"name":"In\u00edcio","item":"https:\/\/www.abennacional.org.br\/site\/"},{"@type":"ListItem","position":2,"name":"Centro Financeiro"}]}]}},"jetpack_sharing_enabled":true,"jetpack_shortlink":"https:\/\/wp.me\/PaUzFo-7u","_links":{"self":[{"href":"https:\/\/www.abennacional.org.br\/site\/wp-json\/wp\/v2\/pages\/464"}],"collection":[{"href":"https:\/\/www.abennacional.org.br\/site\/wp-json\/wp\/v2\/pages"}],"about":[{"href":"https:\/\/www.abennacional.org.br\/site\/wp-json\/wp\/v2\/types\/page"}],"author":[{"embeddable":true,"href":"https:\/\/www.abennacional.org.br\/site\/wp-json\/wp\/v2\/users\/2"}],"replies":[{"embeddable":true,"href":"https:\/\/www.abennacional.org.br\/site\/wp-json\/wp\/v2\/comments?post=464"}],"version-history":[{"count":7,"href":"https:\/\/www.abennacional.org.br\/site\/wp-json\/wp\/v2\/pages\/464\/revisions"}],"predecessor-version":[{"id":2256,"href":"https:\/\/www.abennacional.org.br\/site\/wp-json\/wp\/v2\/pages\/464\/revisions\/2256"}],"wp:attachment":[{"href":"https:\/\/www.abennacional.org.br\/site\/wp-json\/wp\/v2\/media?parent=464"}],"curies":[{"name":"wp","href":"https:\/\/api.w.org\/{rel}","templated":true}]}}