{"id":572,"date":"2018-12-17T10:22:47","date_gmt":"2018-12-17T12:22:47","guid":{"rendered":"http:\/\/www.abennacional.org.br\/validacao\/?page_id=572"},"modified":"2023-02-20T19:57:31","modified_gmt":"2023-02-20T22:57:31","slug":"estatuto-2","status":"publish","type":"page","link":"https:\/\/www.abennacional.org.br\/site\/estatuto-2\/","title":{"rendered":"Estatuto"},"content":{"rendered":"\n<p><br><strong>PRE\u00c2MBULO<\/strong><\/p>\n\n\n\n<p>Fundada em 1926, sob a denomina\u00e7\u00e3o de Associa\u00e7\u00e3o Nacional de Enfermeiras Diplomadas (ANED), a Associa\u00e7\u00e3o Brasileira de Enfermagem teve o seu primeiro Estatuto Social aprovado em 07 de agosto de 1944, registrado sob o n\u00ba&nbsp;de Ordem 4.482 do livro K, Cart\u00f3rio do 6\u00ba&nbsp;Of\u00edcio do Rio de Janeiro. \u00c0 \u00e9poca, passou a denominar-se Associa\u00e7\u00e3o Brasileira de Enfermeiras Diplomadas (ABED).<br><br><\/p>\n\n\n\n<p><strong>ESTATUTO COMPLETO <\/strong> &#8211; <a aria-label=\" (abre em uma nova aba)\" href=\"https:\/\/www.abennacional.org.br\/site\/wp-content\/uploads\/2019\/01\/Estatuto-ABEn-FINAL.pdf\" target=\"_blank\" rel=\"noreferrer noopener\">Clique aqui<\/a><br><strong>BYLAWS &#8211; BRAZILIAN NURSING ASSOCIATION<\/strong> &#8211; <a href=\"https:\/\/www.abennacional.org.br\/site\/wp-content\/uploads\/2023\/02\/aben_-BYLAWS_EN_ESTATUTO2023.pdf\">Clique aqui<\/a><\/p>\n","protected":false},"excerpt":{"rendered":"<p>PRE\u00c2MBULO Fundada em 1926, sob a denomina\u00e7\u00e3o de Associa\u00e7\u00e3o Nacional de Enfermeiras Diplomadas (ANED), a Associa\u00e7\u00e3o Brasileira de Enfermagem teve o seu primeiro Estatuto Social aprovado em 07 de agosto de 1944, registrado sob o n\u00ba&nbsp;de Ordem 4.482 do livro K, Cart\u00f3rio do 6\u00ba&nbsp;Of\u00edcio do Rio de Janeiro. \u00c0 \u00e9poca, passou a denominar-se Associa\u00e7\u00e3o Brasileira [&hellip;]<\/p>\n","protected":false},"author":2,"featured_media":0,"parent":0,"menu_order":0,"comment_status":"closed","ping_status":"closed","template":"","meta":{"spay_email":""},"yoast_head":"<!-- This site is optimized with the Yoast SEO plugin v18.3 - https:\/\/yoast.com\/wordpress\/plugins\/seo\/ -->\n<title>Estatuto - ABEn Nacional<\/title>\n<meta name=\"robots\" content=\"index, follow, max-snippet:-1, max-image-preview:large, max-video-preview:-1\" \/>\n<link rel=\"canonical\" href=\"https:\/\/www.abennacional.org.br\/site\/estatuto-2\/\" \/>\n<meta property=\"og:locale\" content=\"pt_BR\" \/>\n<meta property=\"og:type\" content=\"article\" \/>\n<meta property=\"og:title\" content=\"Estatuto - ABEn Nacional\" \/>\n<meta property=\"og:description\" content=\"PRE\u00c2MBULO Fundada em 1926, sob a denomina\u00e7\u00e3o de Associa\u00e7\u00e3o Nacional de Enfermeiras Diplomadas (ANED), a Associa\u00e7\u00e3o Brasileira de Enfermagem teve o seu primeiro Estatuto Social aprovado em 07 de agosto de 1944, registrado sob o n\u00ba&nbsp;de Ordem 4.482 do livro K, Cart\u00f3rio do 6\u00ba&nbsp;Of\u00edcio do Rio de Janeiro. \u00c0 \u00e9poca, passou a denominar-se Associa\u00e7\u00e3o Brasileira [&hellip;]\" \/>\n<meta property=\"og:url\" content=\"https:\/\/www.abennacional.org.br\/site\/estatuto-2\/\" \/>\n<meta property=\"og:site_name\" content=\"ABEn Nacional\" \/>\n<meta property=\"article:publisher\" content=\"https:\/\/www.facebook.com\/ABEn-Nacional-202551919840028\/\" \/>\n<meta property=\"article:modified_time\" content=\"2023-02-20T22:57:31+00:00\" \/>\n<meta name=\"twitter:card\" content=\"summary_large_image\" \/>\n<meta name=\"twitter:label1\" content=\"Est. tempo de leitura\" \/>\n\t<meta name=\"twitter:data1\" content=\"1 minuto\" \/>\n<script type=\"application\/ld+json\" class=\"yoast-schema-graph\">{\"@context\":\"https:\/\/schema.org\",\"@graph\":[{\"@type\":\"Organization\",\"@id\":\"https:\/\/www.abennacional.org.br\/site\/#organization\",\"name\":\"ABEn Nacional\",\"url\":\"https:\/\/www.abennacional.org.br\/site\/\",\"sameAs\":[\"https:\/\/www.facebook.com\/ABEn-Nacional-202551919840028\/\",\"https:\/\/br.linkedin.com\/in\/aben-nacional-42385511b\",\"https:\/\/www.youtube.com\/watch?v=m8cvAUgypCI\"],\"logo\":{\"@type\":\"ImageObject\",\"@id\":\"https:\/\/www.abennacional.org.br\/site\/#logo\",\"inLanguage\":\"pt-BR\",\"url\":\"https:\/\/www.abennacional.org.br\/site\/wp-content\/uploads\/2018\/12\/logoaben_grande-2.png\",\"contentUrl\":\"https:\/\/www.abennacional.org.br\/site\/wp-content\/uploads\/2018\/12\/logoaben_grande-2.png\",\"width\":410,\"height\":139,\"caption\":\"ABEn Nacional\"},\"image\":{\"@id\":\"https:\/\/www.abennacional.org.br\/site\/#logo\"}},{\"@type\":\"WebSite\",\"@id\":\"https:\/\/www.abennacional.org.br\/site\/#website\",\"url\":\"https:\/\/www.abennacional.org.br\/site\/\",\"name\":\"ABEn Nacional\",\"description\":\"Associa\u00e7\u00e3o Brasileira de Enfermagem\",\"publisher\":{\"@id\":\"https:\/\/www.abennacional.org.br\/site\/#organization\"},\"potentialAction\":[{\"@type\":\"SearchAction\",\"target\":{\"@type\":\"EntryPoint\",\"urlTemplate\":\"https:\/\/www.abennacional.org.br\/site\/?s={search_term_string}\"},\"query-input\":\"required name=search_term_string\"}],\"inLanguage\":\"pt-BR\"},{\"@type\":\"WebPage\",\"@id\":\"https:\/\/www.abennacional.org.br\/site\/estatuto-2\/#webpage\",\"url\":\"https:\/\/www.abennacional.org.br\/site\/estatuto-2\/\",\"name\":\"Estatuto - ABEn Nacional\",\"isPartOf\":{\"@id\":\"https:\/\/www.abennacional.org.br\/site\/#website\"},\"datePublished\":\"2018-12-17T12:22:47+00:00\",\"dateModified\":\"2023-02-20T22:57:31+00:00\",\"breadcrumb\":{\"@id\":\"https:\/\/www.abennacional.org.br\/site\/estatuto-2\/#breadcrumb\"},\"inLanguage\":\"pt-BR\",\"potentialAction\":[{\"@type\":\"ReadAction\",\"target\":[\"https:\/\/www.abennacional.org.br\/site\/estatuto-2\/\"]}]},{\"@type\":\"BreadcrumbList\",\"@id\":\"https:\/\/www.abennacional.org.br\/site\/estatuto-2\/#breadcrumb\",\"itemListElement\":[{\"@type\":\"ListItem\",\"position\":1,\"name\":\"In\u00edcio\",\"item\":\"https:\/\/www.abennacional.org.br\/site\/\"},{\"@type\":\"ListItem\",\"position\":2,\"name\":\"Estatuto\"}]}]}<\/script>\n<!-- \/ Yoast SEO plugin. -->","yoast_head_json":{"title":"Estatuto - ABEn Nacional","robots":{"index":"index","follow":"follow","max-snippet":"max-snippet:-1","max-image-preview":"max-image-preview:large","max-video-preview":"max-video-preview:-1"},"canonical":"https:\/\/www.abennacional.org.br\/site\/estatuto-2\/","og_locale":"pt_BR","og_type":"article","og_title":"Estatuto - ABEn Nacional","og_description":"PRE\u00c2MBULO Fundada em 1926, sob a denomina\u00e7\u00e3o de Associa\u00e7\u00e3o Nacional de Enfermeiras Diplomadas (ANED), a Associa\u00e7\u00e3o Brasileira de Enfermagem teve o seu primeiro Estatuto Social aprovado em 07 de agosto de 1944, registrado sob o n\u00ba&nbsp;de Ordem 4.482 do livro K, Cart\u00f3rio do 6\u00ba&nbsp;Of\u00edcio do Rio de Janeiro. \u00c0 \u00e9poca, passou a denominar-se Associa\u00e7\u00e3o Brasileira [&hellip;]","og_url":"https:\/\/www.abennacional.org.br\/site\/estatuto-2\/","og_site_name":"ABEn Nacional","article_publisher":"https:\/\/www.facebook.com\/ABEn-Nacional-202551919840028\/","article_modified_time":"2023-02-20T22:57:31+00:00","twitter_card":"summary_large_image","twitter_misc":{"Est. tempo de leitura":"1 minuto"},"schema":{"@context":"https:\/\/schema.org","@graph":[{"@type":"Organization","@id":"https:\/\/www.abennacional.org.br\/site\/#organization","name":"ABEn Nacional","url":"https:\/\/www.abennacional.org.br\/site\/","sameAs":["https:\/\/www.facebook.com\/ABEn-Nacional-202551919840028\/","https:\/\/br.linkedin.com\/in\/aben-nacional-42385511b","https:\/\/www.youtube.com\/watch?v=m8cvAUgypCI"],"logo":{"@type":"ImageObject","@id":"https:\/\/www.abennacional.org.br\/site\/#logo","inLanguage":"pt-BR","url":"https:\/\/www.abennacional.org.br\/site\/wp-content\/uploads\/2018\/12\/logoaben_grande-2.png","contentUrl":"https:\/\/www.abennacional.org.br\/site\/wp-content\/uploads\/2018\/12\/logoaben_grande-2.png","width":410,"height":139,"caption":"ABEn Nacional"},"image":{"@id":"https:\/\/www.abennacional.org.br\/site\/#logo"}},{"@type":"WebSite","@id":"https:\/\/www.abennacional.org.br\/site\/#website","url":"https:\/\/www.abennacional.org.br\/site\/","name":"ABEn Nacional","description":"Associa\u00e7\u00e3o Brasileira de Enfermagem","publisher":{"@id":"https:\/\/www.abennacional.org.br\/site\/#organization"},"potentialAction":[{"@type":"SearchAction","target":{"@type":"EntryPoint","urlTemplate":"https:\/\/www.abennacional.org.br\/site\/?s={search_term_string}"},"query-input":"required name=search_term_string"}],"inLanguage":"pt-BR"},{"@type":"WebPage","@id":"https:\/\/www.abennacional.org.br\/site\/estatuto-2\/#webpage","url":"https:\/\/www.abennacional.org.br\/site\/estatuto-2\/","name":"Estatuto - ABEn Nacional","isPartOf":{"@id":"https:\/\/www.abennacional.org.br\/site\/#website"},"datePublished":"2018-12-17T12:22:47+00:00","dateModified":"2023-02-20T22:57:31+00:00","breadcrumb":{"@id":"https:\/\/www.abennacional.org.br\/site\/estatuto-2\/#breadcrumb"},"inLanguage":"pt-BR","potentialAction":[{"@type":"ReadAction","target":["https:\/\/www.abennacional.org.br\/site\/estatuto-2\/"]}]},{"@type":"BreadcrumbList","@id":"https:\/\/www.abennacional.org.br\/site\/estatuto-2\/#breadcrumb","itemListElement":[{"@type":"ListItem","position":1,"name":"In\u00edcio","item":"https:\/\/www.abennacional.org.br\/site\/"},{"@type":"ListItem","position":2,"name":"Estatuto"}]}]}},"jetpack_sharing_enabled":true,"jetpack_shortlink":"https:\/\/wp.me\/PaUzFo-9e","_links":{"self":[{"href":"https:\/\/www.abennacional.org.br\/site\/wp-json\/wp\/v2\/pages\/572"}],"collection":[{"href":"https:\/\/www.abennacional.org.br\/site\/wp-json\/wp\/v2\/pages"}],"about":[{"href":"https:\/\/www.abennacional.org.br\/site\/wp-json\/wp\/v2\/types\/page"}],"author":[{"embeddable":true,"href":"https:\/\/www.abennacional.org.br\/site\/wp-json\/wp\/v2\/users\/2"}],"replies":[{"embeddable":true,"href":"https:\/\/www.abennacional.org.br\/site\/wp-json\/wp\/v2\/comments?post=572"}],"version-history":[{"count":10,"href":"https:\/\/www.abennacional.org.br\/site\/wp-json\/wp\/v2\/pages\/572\/revisions"}],"predecessor-version":[{"id":13590,"href":"https:\/\/www.abennacional.org.br\/site\/wp-json\/wp\/v2\/pages\/572\/revisions\/13590"}],"wp:attachment":[{"href":"https:\/\/www.abennacional.org.br\/site\/wp-json\/wp\/v2\/media?parent=572"}],"curies":[{"name":"wp","href":"https:\/\/api.w.org\/{rel}","templated":true}]}}

<p><br><strong>PREÂMBULO</strong></p>



<p>Fundada em 1926, sob a denominação de Associação Nacional de Enfermeiras Diplomadas (ANED), a Associação Brasileira de Enfermagem teve o seu primeiro Estatuto Social aprovado em 07 de agosto de 1944, registrado sob o nº&nbsp;de Ordem 4.482 do livro K, Cartório do 6º&nbsp;Ofício do Rio de Janeiro. À época, passou a denominar-se Associação Brasileira de Enfermeiras Diplomadas (ABED).<br><br></p>



<p><strong>ESTATUTO COMPLETO </strong> &#8211; <a aria-label=" (abre em uma nova aba)" href="https://www.abennacional.org.br/site/wp-content/uploads/2019/01/Estatuto-ABEn-FINAL.pdf" target="_blank" rel="noreferrer noopener">Clique aqui</a><br><strong>BYLAWS &#8211; BRAZILIAN NURSING ASSOCIATION</strong> &#8211; <a href="https://www.abennacional.org.br/site/wp-content/uploads/2023/02/aben_-BYLAWS_EN_ESTATUTO2023.pdf">Clique aqui</a></p>

<p>PREÂMBULO Fundada em 1926, sob a denominação de Associação Nacional de Enfermeiras Diplomadas (ANED), a Associação Brasileira de Enfermagem teve o seu primeiro Estatuto Social aprovado em 07 de agosto de 1944, registrado sob o nº&nbsp;de Ordem 4.482 do livro K, Cartório do 6º&nbsp;Ofício do Rio de Janeiro. À época, passou a denominar-se Associação Brasileira [&hellip;]</p>

<!-- This site is optimized with the Yoast SEO plugin v18.3 - https://yoast.com/wordpress/plugins/seo/ -->
<title>Estatuto - ABEn Nacional</title>
<meta name="robots" content="index, follow, max-snippet:-1, max-image-preview:large, max-video-preview:-1" />
<link rel="canonical" href="https://www.abennacional.org.br/site/estatuto-2/" />
<meta property="og:locale" content="pt_BR" />
<meta property="og:type" content="article" />
<meta property="og:title" content="Estatuto - ABEn Nacional" />
<meta property="og:description" content="PREÂMBULO Fundada em 1926, sob a denominação de Associação Nacional de Enfermeiras Diplomadas (ANED), a Associação Brasileira de Enfermagem teve o seu primeiro Estatuto Social aprovado em 07 de agosto de 1944, registrado sob o nº&nbsp;de Ordem 4.482 do livro K, Cartório do 6º&nbsp;Ofício do Rio de Janeiro. À época, passou a denominar-se Associação Brasileira [&hellip;]" />
<meta property="og:url" content="https://www.abennacional.org.br/site/estatuto-2/" />
<meta property="og:site_name" content="ABEn Nacional" />
<meta property="article:publisher" content="https://www.facebook.com/ABEn-Nacional-202551919840028/" />
<meta property="article:modified_time" content="2023-02-20T22:57:31+00:00" />
<meta name="twitter:card" content="summary_large_image" />
<meta name="twitter:label1" content="Est. tempo de leitura" />
	<meta name="twitter:data1" content="1 minuto" />
<script type="application/ld+json" class="yoast-schema-graph">{"@context":"https://schema.org","@graph":[{"@type":"Organization","@id":"https://www.abennacional.org.br/site/#organization","name":"ABEn Nacional","url":"https://www.abennacional.org.br/site/","sameAs":["https://www.facebook.com/ABEn-Nacional-202551919840028/","https://br.linkedin.com/in/aben-nacional-42385511b","https://www.youtube.com/watch?v=m8cvAUgypCI"],"logo":{"@type":"ImageObject","@id":"https://www.abennacional.org.br/site/#logo","inLanguage":"pt-BR","url":"https://www.abennacional.org.br/site/wp-content/uploads/2018/12/logoaben_grande-2.png","contentUrl":"https://www.abennacional.org.br/site/wp-content/uploads/2018/12/logoaben_grande-2.png","width":410,"height":139,"caption":"ABEn Nacional"},"image":{"@id":"https://www.abennacional.org.br/site/#logo"}},{"@type":"WebSite","@id":"https://www.abennacional.org.br/site/#website","url":"https://www.abennacional.org.br/site/","name":"ABEn Nacional","description":"Associação Brasileira de Enfermagem","publisher":{"@id":"https://www.abennacional.org.br/site/#organization"},"potentialAction":[{"@type":"SearchAction","target":{"@type":"EntryPoint","urlTemplate":"https://www.abennacional.org.br/site/?s={search_term_string}"},"query-input":"required name=search_term_string"}],"inLanguage":"pt-BR"},{"@type":"WebPage","@id":"https://www.abennacional.org.br/site/estatuto-2/#webpage","url":"https://www.abennacional.org.br/site/estatuto-2/","name":"Estatuto - ABEn Nacional","isPartOf":{"@id":"https://www.abennacional.org.br/site/#website"},"datePublished":"2018-12-17T12:22:47+00:00","dateModified":"2023-02-20T22:57:31+00:00","breadcrumb":{"@id":"https://www.abennacional.org.br/site/estatuto-2/#breadcrumb"},"inLanguage":"pt-BR","potentialAction":[{"@type":"ReadAction","target":["https://www.abennacional.org.br/site/estatuto-2/"]}]},{"@type":"BreadcrumbList","@id":"https://www.abennacional.org.br/site/estatuto-2/#breadcrumb","itemListElement":[{"@type":"ListItem","position":1,"name":"Início","item":"https://www.abennacional.org.br/site/"},{"@type":"ListItem","position":2,"name":"Estatuto"}]}]}</script>
<!-- / Yoast SEO plugin. -->

PREÂMBULO Fundada em 1926, sob a denominação de Associação Nacional de Enfermeiras Diplomadas (ANED), a Associação Brasileira de Enfermagem teve o seu primeiro Estatuto Social aprovado em 07 de agosto de 1944, registrado sob o nº&nbsp;de Ordem 4.482 do livro K, Cartório do 6º&nbsp;Ofício do Rio de Janeiro. À época, passou a denominar-se Associação Brasileira [&hellip;]

Associação Brasileira de Enfermagem

Início
