{"id":722,"date":"2019-01-17T11:28:18","date_gmt":"2019-01-17T13:28:18","guid":{"rendered":"http:\/\/www.abennacional.org.br\/validacao\/?page_id=722"},"modified":"2021-12-03T17:47:33","modified_gmt":"2021-12-03T20:47:33","slug":"comissao-permanente-de-sistematizacao-da-pratica-de-enfermagem","status":"publish","type":"page","link":"https:\/\/www.abennacional.org.br\/site\/comissao-permanente-de-sistematizacao-da-pratica-de-enfermagem\/","title":{"rendered":"Comiss\u00e3o Permanente de Sistematiza\u00e7\u00e3o da Pr\u00e1tica de Enfermagem"},"content":{"rendered":"\n<div class=\"wp-block-image\"><figure class=\"aligncenter size-large is-resized\"><img loading=\"lazy\" src=\"https:\/\/www.abennacional.org.br\/site\/wp-content\/uploads\/2020\/08\/LOGO-COMSISTE-980x1024.png\" alt=\"\" class=\"wp-image-9146\" width=\"186\" height=\"194\" srcset=\"https:\/\/www.abennacional.org.br\/site\/wp-content\/uploads\/2020\/08\/LOGO-COMSISTE-980x1024.png 980w, https:\/\/www.abennacional.org.br\/site\/wp-content\/uploads\/2020\/08\/LOGO-COMSISTE-287x300.png 287w, https:\/\/www.abennacional.org.br\/site\/wp-content\/uploads\/2020\/08\/LOGO-COMSISTE-768x803.png 768w, https:\/\/www.abennacional.org.br\/site\/wp-content\/uploads\/2020\/08\/LOGO-COMSISTE-1469x1536.png 1469w, https:\/\/www.abennacional.org.br\/site\/wp-content\/uploads\/2020\/08\/LOGO-COMSISTE-1959x2048.png 1959w\" sizes=\"(max-width: 186px) 100vw, 186px\" \/><\/figure><\/div>\n\n\n\n<figure class=\"wp-block-image\"><img loading=\"lazy\" width=\"1024\" height=\"309\" src=\"http:\/\/www.abennacional.org.br\/validacao\/wp-content\/uploads\/2019\/01\/comissao_permanente-3-2-1024x309.jpg\" alt=\"\" class=\"wp-image-1623\" srcset=\"https:\/\/www.abennacional.org.br\/site\/wp-content\/uploads\/2019\/01\/comissao_permanente-3-2.jpg 1024w, https:\/\/www.abennacional.org.br\/site\/wp-content\/uploads\/2019\/01\/comissao_permanente-3-2-300x91.jpg 300w, https:\/\/www.abennacional.org.br\/site\/wp-content\/uploads\/2019\/01\/comissao_permanente-3-2-768x232.jpg 768w\" sizes=\"(max-width: 1024px) 100vw, 1024px\" \/><\/figure>\n\n\n\n<p><br><\/p>\n\n\n\n<p><strong>1 &#8211; Portaria de nomea\u00e7\u00e3o<\/strong><br>Portaria N\u00ba 076\/2021 &#8211; Disp\u00f5e sobre a Nomea\u00e7\u00e3o dos Componentes da Comiss\u00e3o Permanente de Sistematiza\u00e7\u00e3o da Pr\u00e1tica de Enfermagem (COMSISTE). <a href=\"https:\/\/www.abennacional.org.br\/site\/wp-content\/uploads\/2021\/12\/portaria_076_2021_CONSISTE.pdf\" target=\"_blank\" rel=\"noreferrer noopener\">Clique aqui<\/a>. <br><br>Portaria n\u00ba 59\/2020: Disp\u00f5e sobre a nomea\u00e7\u00e3o dos componentes da Comiss\u00e3o  Permanente de Sistematiza\u00e7\u00e3o da Pr\u00e1tica de Enfermagem. <a aria-label=\"Clique aqui (opens in a new tab)\" rel=\"noreferrer noopener\" href=\"https:\/\/www.abennacional.org.br\/site\/wp-content\/uploads\/2020\/02\/PORTARIA_059_2020_FINAL.pdf\" target=\"_blank\">Clique aqui<\/a>.<br><br><\/p>\n\n\n\n<p><strong>2 &#8211; Regimento Interno<\/strong><br>Regimento Interno da Comiss\u00e3o Permanente de Sistematiza\u00e7\u00e3o da Pr\u00e1tica de Enfermagem &#8211;  COMSISTE ABEn Nacional (Atualizado em 19\/02\/2018). <a href=\"https:\/\/www.abennacional.org.br\/site\/wp-content\/uploads\/2019\/01\/regimento_COMSISTE.pdf\" target=\"_blank\" rel=\"noreferrer noopener\" aria-label=\" (abre em uma nova aba)\">Clique aqui.<\/a><br><br><\/p>\n\n\n\n<p><strong>3 &#8211; Relat\u00f3rios<\/strong><br>\u2022 Relat\u00f3rio COMSISTE ABEn Nacional &#8211; 2017. <a rel=\"noreferrer noopener\" aria-label=\"Clique aqui (abre em uma nova aba)\" href=\"https:\/\/www.abennacional.org.br\/site\/wp-content\/uploads\/2019\/01\/relatorio_COMSISTE_ABEn-Nacional2017-1.pdf\" target=\"_blank\">Clique aqui<\/a>.<br>\u2022 Relat\u00f3rio COMSISTE ABEn Nacional &#8211; 2018. <a rel=\"noreferrer noopener\" aria-label=\" (abre em uma nova aba)\" href=\"https:\/\/www.abennacional.org.br\/site\/wp-content\/uploads\/2019\/01\/relatorio_COMSISTE2018_final.pdf\" target=\"_blank\">Clique aqui<\/a>.<br><br><strong>4 &#8211; S\u00famulas&nbsp;de&nbsp;reuni\u00f5es<\/strong><br>\u2022 Reuni\u00e3o dos membros da COMSISTE ABEn Nacional \u2013 Macei\u00f3 . <a rel=\"noreferrer noopener\" aria-label=\" (abre em uma nova aba)\" href=\"https:\/\/www.abennacional.org.br\/site\/wp-content\/uploads\/2019\/01\/sumula_maceio.pdf\" target=\"_blank\">Clique aqui.<\/a><br>\u2022 Reuni\u00e3o ampliada COMSISTE ABEn Nacional e COMSISTE Se\u00e7\u00f5es da ABEn &#8211; Florian\u00f3polis. <a rel=\"noreferrer noopener\" aria-label=\" (abre em uma nova aba)\" href=\"https:\/\/www.abennacional.org.br\/site\/wp-content\/uploads\/2019\/01\/sumula_reuniao_floripa05062018-2.pdf\" target=\"_blank\">Clique aqui.<\/a><br>\u2022 Reuni\u00e3o ampliada COMSISTE ABEn Nacional e COMSISTE Se\u00e7\u00f5es da ABEn &#8211; Curitiba. <a href=\"https:\/\/www.abennacional.org.br\/site\/wp-content\/uploads\/2019\/01\/sumula_reuniao_curitiba13112018.pdf\" target=\"_blank\" rel=\"noreferrer noopener\" aria-label=\" (abre em uma nova aba)\">Clique aqui.<\/a><\/p>\n\n\n\n<p><\/p>\n\n\n\n<p><br><strong>5&nbsp;&#8211;&nbsp;Normativas&nbsp;de&nbsp;interesse<\/strong><br>\u2022 Resolu\u00e7\u00e3o Cofen n\u00ba 358\/2009 &#8211; &nbsp;Disp\u00f5e sobre a SAE e a implementa\u00e7\u00e3o do Processo de Enfermagem. <a rel=\"noreferrer noopener\" aria-label=\" (abre em uma nova aba)\" href=\"https:\/\/www.abennacional.org.br\/site\/wp-content\/uploads\/2019\/01\/resolucao_358-2009.pdf\" target=\"_blank\">Clique aqui<\/a><br>\u2022 Resolu\u00e7\u00e3o Cofen n\u00ba 429\/2012 &#8211; Disp\u00f5e sobre o registro das a\u00e7\u00f5es profissionais. <a rel=\"noreferrer noopener\" aria-label=\" (abre em uma nova aba)\" href=\"https:\/\/www.abennacional.org.br\/site\/wp-content\/uploads\/2019\/01\/resolucao_429-2012.pdf\" target=\"_blank\">Clique aqui<\/a><br>\u2022 Resolu\u00e7\u00e3o Cofen n\u00ba 568\/2018 &#8211; Aprova o Regulamento dos Consult\u00f3rios de Enfermagem e Cl\u00ednicas de Enfermagem. <a rel=\"noreferrer noopener\" aria-label=\" (abre em uma nova aba)\" href=\"https:\/\/www.abennacional.org.br\/site\/wp-content\/uploads\/2019\/01\/resolucao_568-2018.pdf\" target=\"_blank\">Clique aqui<\/a><br>\u2022 Portaria MS-GM n\u00ba 2.436\/2017 &#8211; Aprova a Pol\u00edtica Nacional de Aten\u00e7\u00e3o B\u00e1sica. <a href=\"https:\/\/www.abennacional.org.br\/site\/wp-content\/uploads\/2019\/01\/PNAB_portaria_2436-setembro_2017.pdf\" target=\"_blank\" rel=\"noreferrer noopener\" aria-label=\"Clique aqui  (abre em uma nova aba)\">Clique aqui <\/a><\/p>\n\n\n\n<p><br><strong>6 \u2013 Links de interesse<\/strong><br>\u2022 Cofen &#8211;&nbsp;<a rel=\"noreferrer noopener\" href=\"http:\/\/www.cofen.gov.br\/\" target=\"_blank\">http:\/\/www.cofen.gov.br\/<\/a><br>\u2022 CNPQ &#8211;&nbsp;<a rel=\"noreferrer noopener\" href=\"http:\/\/www.cnpq.br\/\" target=\"_blank\">http:\/\/www.cnpq.br\/<\/a><br>\u2022 CAPES &#8211;&nbsp;<a rel=\"noreferrer noopener\" href=\"http:\/\/www.capes.gov.br\/\" target=\"_blank\">http:\/\/www.capes.gov.br\/<\/a><br>\u2022 SBIS &#8211;&nbsp;<a rel=\"noreferrer noopener\" href=\"http:\/\/www.sbis.org.br\/\" target=\"_blank\">http:\/\/www.sbis.org.br\/<\/a><br>\u2022 ICN &#8211;&nbsp;<a rel=\"noreferrer noopener\" href=\"https:\/\/www.icn.ch\/\" target=\"_blank\">https:\/\/www.icn.ch\/<\/a><br>\u2022 Nanda Internacional &#8211;&nbsp;<a rel=\"noreferrer noopener\" href=\"http:\/\/www.nanda.org\/\" target=\"_blank\">http:\/\/www.nanda.org\/<\/a><\/p>\n","protected":false},"excerpt":{"rendered":"<p>1 &#8211; Portaria de nomea\u00e7\u00e3oPortaria N\u00ba 076\/2021 &#8211; Disp\u00f5e sobre a Nomea\u00e7\u00e3o dos Componentes da Comiss\u00e3o Permanente de Sistematiza\u00e7\u00e3o da Pr\u00e1tica de Enfermagem (COMSISTE). Clique aqui. Portaria n\u00ba 59\/2020: Disp\u00f5e sobre a nomea\u00e7\u00e3o dos componentes da Comiss\u00e3o Permanente de Sistematiza\u00e7\u00e3o da Pr\u00e1tica de Enfermagem. Clique aqui. 2 &#8211; Regimento InternoRegimento Interno da Comiss\u00e3o Permanente de [&hellip;]<\/p>\n","protected":false},"author":1,"featured_media":0,"parent":0,"menu_order":0,"comment_status":"closed","ping_status":"closed","template":"","meta":{"spay_email":""},"yoast_head":"<!-- This site is optimized with the Yoast SEO plugin v18.3 - https:\/\/yoast.com\/wordpress\/plugins\/seo\/ -->\n<title>Comiss\u00e3o Permanente de Sistematiza\u00e7\u00e3o da Pr\u00e1tica de Enfermagem - ABEn Nacional<\/title>\n<meta name=\"robots\" content=\"index, follow, max-snippet:-1, max-image-preview:large, max-video-preview:-1\" \/>\n<link rel=\"canonical\" href=\"https:\/\/www.abennacional.org.br\/site\/comissao-permanente-de-sistematizacao-da-pratica-de-enfermagem\/\" \/>\n<meta property=\"og:locale\" content=\"pt_BR\" \/>\n<meta property=\"og:type\" content=\"article\" \/>\n<meta property=\"og:title\" content=\"Comiss\u00e3o Permanente de Sistematiza\u00e7\u00e3o da Pr\u00e1tica de Enfermagem - ABEn Nacional\" \/>\n<meta property=\"og:description\" content=\"1 &#8211; Portaria de nomea\u00e7\u00e3oPortaria N\u00ba 076\/2021 &#8211; Disp\u00f5e sobre a Nomea\u00e7\u00e3o dos Componentes da Comiss\u00e3o Permanente de Sistematiza\u00e7\u00e3o da Pr\u00e1tica de Enfermagem (COMSISTE). Clique aqui. Portaria n\u00ba 59\/2020: Disp\u00f5e sobre a nomea\u00e7\u00e3o dos componentes da Comiss\u00e3o Permanente de Sistematiza\u00e7\u00e3o da Pr\u00e1tica de Enfermagem. Clique aqui. 2 &#8211; Regimento InternoRegimento Interno da Comiss\u00e3o Permanente de [&hellip;]\" \/>\n<meta property=\"og:url\" content=\"https:\/\/www.abennacional.org.br\/site\/comissao-permanente-de-sistematizacao-da-pratica-de-enfermagem\/\" \/>\n<meta property=\"og:site_name\" content=\"ABEn Nacional\" \/>\n<meta property=\"article:publisher\" content=\"https:\/\/www.facebook.com\/ABEn-Nacional-202551919840028\/\" \/>\n<meta property=\"article:modified_time\" content=\"2021-12-03T20:47:33+00:00\" \/>\n<meta property=\"og:image\" content=\"http:\/\/www.abennacional.org.br\/site\/wp-content\/uploads\/2020\/08\/LOGO-COMSISTE-980x1024.png\" \/>\n<meta name=\"twitter:card\" content=\"summary_large_image\" \/>\n<meta name=\"twitter:label1\" content=\"Est. tempo de leitura\" \/>\n\t<meta name=\"twitter:data1\" content=\"2 minutos\" \/>\n<script type=\"application\/ld+json\" class=\"yoast-schema-graph\">{\"@context\":\"https:\/\/schema.org\",\"@graph\":[{\"@type\":\"Organization\",\"@id\":\"https:\/\/www.abennacional.org.br\/site\/#organization\",\"name\":\"ABEn Nacional\",\"url\":\"https:\/\/www.abennacional.org.br\/site\/\",\"sameAs\":[\"https:\/\/www.facebook.com\/ABEn-Nacional-202551919840028\/\",\"https:\/\/br.linkedin.com\/in\/aben-nacional-42385511b\",\"https:\/\/www.youtube.com\/watch?v=m8cvAUgypCI\"],\"logo\":{\"@type\":\"ImageObject\",\"@id\":\"https:\/\/www.abennacional.org.br\/site\/#logo\",\"inLanguage\":\"pt-BR\",\"url\":\"https:\/\/www.abennacional.org.br\/site\/wp-content\/uploads\/2018\/12\/logoaben_grande-2.png\",\"contentUrl\":\"https:\/\/www.abennacional.org.br\/site\/wp-content\/uploads\/2018\/12\/logoaben_grande-2.png\",\"width\":410,\"height\":139,\"caption\":\"ABEn Nacional\"},\"image\":{\"@id\":\"https:\/\/www.abennacional.org.br\/site\/#logo\"}},{\"@type\":\"WebSite\",\"@id\":\"https:\/\/www.abennacional.org.br\/site\/#website\",\"url\":\"https:\/\/www.abennacional.org.br\/site\/\",\"name\":\"ABEn Nacional\",\"description\":\"Associa\u00e7\u00e3o Brasileira de Enfermagem\",\"publisher\":{\"@id\":\"https:\/\/www.abennacional.org.br\/site\/#organization\"},\"potentialAction\":[{\"@type\":\"SearchAction\",\"target\":{\"@type\":\"EntryPoint\",\"urlTemplate\":\"https:\/\/www.abennacional.org.br\/site\/?s={search_term_string}\"},\"query-input\":\"required name=search_term_string\"}],\"inLanguage\":\"pt-BR\"},{\"@type\":\"ImageObject\",\"@id\":\"https:\/\/www.abennacional.org.br\/site\/comissao-permanente-de-sistematizacao-da-pratica-de-enfermagem\/#primaryimage\",\"inLanguage\":\"pt-BR\",\"url\":\"http:\/\/www.abennacional.org.br\/site\/wp-content\/uploads\/2020\/08\/LOGO-COMSISTE-980x1024.png\",\"contentUrl\":\"http:\/\/www.abennacional.org.br\/site\/wp-content\/uploads\/2020\/08\/LOGO-COMSISTE-980x1024.png\"},{\"@type\":\"WebPage\",\"@id\":\"https:\/\/www.abennacional.org.br\/site\/comissao-permanente-de-sistematizacao-da-pratica-de-enfermagem\/#webpage\",\"url\":\"https:\/\/www.abennacional.org.br\/site\/comissao-permanente-de-sistematizacao-da-pratica-de-enfermagem\/\",\"name\":\"Comiss\u00e3o Permanente de Sistematiza\u00e7\u00e3o da Pr\u00e1tica de Enfermagem - ABEn Nacional\",\"isPartOf\":{\"@id\":\"https:\/\/www.abennacional.org.br\/site\/#website\"},\"primaryImageOfPage\":{\"@id\":\"https:\/\/www.abennacional.org.br\/site\/comissao-permanente-de-sistematizacao-da-pratica-de-enfermagem\/#primaryimage\"},\"datePublished\":\"2019-01-17T13:28:18+00:00\",\"dateModified\":\"2021-12-03T20:47:33+00:00\",\"breadcrumb\":{\"@id\":\"https:\/\/www.abennacional.org.br\/site\/comissao-permanente-de-sistematizacao-da-pratica-de-enfermagem\/#breadcrumb\"},\"inLanguage\":\"pt-BR\",\"potentialAction\":[{\"@type\":\"ReadAction\",\"target\":[\"https:\/\/www.abennacional.org.br\/site\/comissao-permanente-de-sistematizacao-da-pratica-de-enfermagem\/\"]}]},{\"@type\":\"BreadcrumbList\",\"@id\":\"https:\/\/www.abennacional.org.br\/site\/comissao-permanente-de-sistematizacao-da-pratica-de-enfermagem\/#breadcrumb\",\"itemListElement\":[{\"@type\":\"ListItem\",\"position\":1,\"name\":\"In\u00edcio\",\"item\":\"https:\/\/www.abennacional.org.br\/site\/\"},{\"@type\":\"ListItem\",\"position\":2,\"name\":\"Comiss\u00e3o Permanente de Sistematiza\u00e7\u00e3o da Pr\u00e1tica de Enfermagem\"}]}]}<\/script>\n<!-- \/ Yoast SEO plugin. -->","yoast_head_json":{"title":"Comiss\u00e3o Permanente de Sistematiza\u00e7\u00e3o da Pr\u00e1tica de Enfermagem - ABEn Nacional","robots":{"index":"index","follow":"follow","max-snippet":"max-snippet:-1","max-image-preview":"max-image-preview:large","max-video-preview":"max-video-preview:-1"},"canonical":"https:\/\/www.abennacional.org.br\/site\/comissao-permanente-de-sistematizacao-da-pratica-de-enfermagem\/","og_locale":"pt_BR","og_type":"article","og_title":"Comiss\u00e3o Permanente de Sistematiza\u00e7\u00e3o da Pr\u00e1tica de Enfermagem - ABEn Nacional","og_description":"1 &#8211; Portaria de nomea\u00e7\u00e3oPortaria N\u00ba 076\/2021 &#8211; Disp\u00f5e sobre a Nomea\u00e7\u00e3o dos Componentes da Comiss\u00e3o Permanente de Sistematiza\u00e7\u00e3o da Pr\u00e1tica de Enfermagem (COMSISTE). Clique aqui. Portaria n\u00ba 59\/2020: Disp\u00f5e sobre a nomea\u00e7\u00e3o dos componentes da Comiss\u00e3o Permanente de Sistematiza\u00e7\u00e3o da Pr\u00e1tica de Enfermagem. Clique aqui. 2 &#8211; Regimento InternoRegimento Interno da Comiss\u00e3o Permanente de [&hellip;]","og_url":"https:\/\/www.abennacional.org.br\/site\/comissao-permanente-de-sistematizacao-da-pratica-de-enfermagem\/","og_site_name":"ABEn Nacional","article_publisher":"https:\/\/www.facebook.com\/ABEn-Nacional-202551919840028\/","article_modified_time":"2021-12-03T20:47:33+00:00","og_image":[{"url":"http:\/\/www.abennacional.org.br\/site\/wp-content\/uploads\/2020\/08\/LOGO-COMSISTE-980x1024.png"}],"twitter_card":"summary_large_image","twitter_misc":{"Est. tempo de leitura":"2 minutos"},"schema":{"@context":"https:\/\/schema.org","@graph":[{"@type":"Organization","@id":"https:\/\/www.abennacional.org.br\/site\/#organization","name":"ABEn Nacional","url":"https:\/\/www.abennacional.org.br\/site\/","sameAs":["https:\/\/www.facebook.com\/ABEn-Nacional-202551919840028\/","https:\/\/br.linkedin.com\/in\/aben-nacional-42385511b","https:\/\/www.youtube.com\/watch?v=m8cvAUgypCI"],"logo":{"@type":"ImageObject","@id":"https:\/\/www.abennacional.org.br\/site\/#logo","inLanguage":"pt-BR","url":"https:\/\/www.abennacional.org.br\/site\/wp-content\/uploads\/2018\/12\/logoaben_grande-2.png","contentUrl":"https:\/\/www.abennacional.org.br\/site\/wp-content\/uploads\/2018\/12\/logoaben_grande-2.png","width":410,"height":139,"caption":"ABEn Nacional"},"image":{"@id":"https:\/\/www.abennacional.org.br\/site\/#logo"}},{"@type":"WebSite","@id":"https:\/\/www.abennacional.org.br\/site\/#website","url":"https:\/\/www.abennacional.org.br\/site\/","name":"ABEn Nacional","description":"Associa\u00e7\u00e3o Brasileira de Enfermagem","publisher":{"@id":"https:\/\/www.abennacional.org.br\/site\/#organization"},"potentialAction":[{"@type":"SearchAction","target":{"@type":"EntryPoint","urlTemplate":"https:\/\/www.abennacional.org.br\/site\/?s={search_term_string}"},"query-input":"required name=search_term_string"}],"inLanguage":"pt-BR"},{"@type":"ImageObject","@id":"https:\/\/www.abennacional.org.br\/site\/comissao-permanente-de-sistematizacao-da-pratica-de-enfermagem\/#primaryimage","inLanguage":"pt-BR","url":"http:\/\/www.abennacional.org.br\/site\/wp-content\/uploads\/2020\/08\/LOGO-COMSISTE-980x1024.png","contentUrl":"http:\/\/www.abennacional.org.br\/site\/wp-content\/uploads\/2020\/08\/LOGO-COMSISTE-980x1024.png"},{"@type":"WebPage","@id":"https:\/\/www.abennacional.org.br\/site\/comissao-permanente-de-sistematizacao-da-pratica-de-enfermagem\/#webpage","url":"https:\/\/www.abennacional.org.br\/site\/comissao-permanente-de-sistematizacao-da-pratica-de-enfermagem\/","name":"Comiss\u00e3o Permanente de Sistematiza\u00e7\u00e3o da Pr\u00e1tica de Enfermagem - ABEn Nacional","isPartOf":{"@id":"https:\/\/www.abennacional.org.br\/site\/#website"},"primaryImageOfPage":{"@id":"https:\/\/www.abennacional.org.br\/site\/comissao-permanente-de-sistematizacao-da-pratica-de-enfermagem\/#primaryimage"},"datePublished":"2019-01-17T13:28:18+00:00","dateModified":"2021-12-03T20:47:33+00:00","breadcrumb":{"@id":"https:\/\/www.abennacional.org.br\/site\/comissao-permanente-de-sistematizacao-da-pratica-de-enfermagem\/#breadcrumb"},"inLanguage":"pt-BR","potentialAction":[{"@type":"ReadAction","target":["https:\/\/www.abennacional.org.br\/site\/comissao-permanente-de-sistematizacao-da-pratica-de-enfermagem\/"]}]},{"@type":"BreadcrumbList","@id":"https:\/\/www.abennacional.org.br\/site\/comissao-permanente-de-sistematizacao-da-pratica-de-enfermagem\/#breadcrumb","itemListElement":[{"@type":"ListItem","position":1,"name":"In\u00edcio","item":"https:\/\/www.abennacional.org.br\/site\/"},{"@type":"ListItem","position":2,"name":"Comiss\u00e3o Permanente de Sistematiza\u00e7\u00e3o da Pr\u00e1tica de Enfermagem"}]}]}},"jetpack_sharing_enabled":true,"jetpack_shortlink":"https:\/\/wp.me\/PaUzFo-bE","_links":{"self":[{"href":"https:\/\/www.abennacional.org.br\/site\/wp-json\/wp\/v2\/pages\/722"}],"collection":[{"href":"https:\/\/www.abennacional.org.br\/site\/wp-json\/wp\/v2\/pages"}],"about":[{"href":"https:\/\/www.abennacional.org.br\/site\/wp-json\/wp\/v2\/types\/page"}],"author":[{"embeddable":true,"href":"https:\/\/www.abennacional.org.br\/site\/wp-json\/wp\/v2\/users\/1"}],"replies":[{"embeddable":true,"href":"https:\/\/www.abennacional.org.br\/site\/wp-json\/wp\/v2\/comments?post=722"}],"version-history":[{"count":55,"href":"https:\/\/www.abennacional.org.br\/site\/wp-json\/wp\/v2\/pages\/722\/revisions"}],"predecessor-version":[{"id":12035,"href":"https:\/\/www.abennacional.org.br\/site\/wp-json\/wp\/v2\/pages\/722\/revisions\/12035"}],"wp:attachment":[{"href":"https:\/\/www.abennacional.org.br\/site\/wp-json\/wp\/v2\/media?parent=722"}],"curies":[{"name":"wp","href":"https:\/\/api.w.org\/{rel}","templated":true}]}}